{"id":72702,"date":"2025-11-30T22:20:55","date_gmt":"2025-11-30T21:20:55","guid":{"rendered":"https:\/\/www.chemin-neuf.be\/?post_type=proposition&#038;p=72702"},"modified":"2025-11-30T22:20:56","modified_gmt":"2025-11-30T21:20:56","slug":"retraite-jericho-en-suisse","status":"publish","type":"proposition","link":"https:\/\/www.chemin-neuf.be\/fr\/evenement\/retraite-jericho-en-suisse\/","title":{"rendered":"Retraite Jericho en Suisse"},"content":{"rendered":"\n<h2 class=\"wp-block-heading\">Retraite pour jeunes en Suisse du 28\/12 au 02\/01<\/h2>\n\n\n\n<p>Prenez une pause \u00e0 Nouvel An. La Communaut\u00e9 du Chemin Neuf te propose une retraite en Suisse au monast\u00e8re de Bethanien. Une demi journ\u00e9e en silence; une demi journ\u00e9e de randonn\u00e9es, de petits groupes de partage, un accompagnement personnel. Echanger, louer, se promener en montagne, prier avec la Bible entre jeunes dans un cadre magnifique. <\/p>\n\n\n\n<p>Infos: sr. Bettina, <strong>tel. 0456 940821<\/strong><\/p>\n\n\n\n<div data-wp-interactive=\"core\/file\" class=\"wp-block-file\"><object data-wp-bind--hidden=\"!state.hasPdfPreview\" hidden class=\"wp-block-file__embed\" data=\"https:\/\/www.chemin-neuf.be\/wp-content\/uploads\/2025\/11\/Jericho-flyer-ENG-klein-1.pdf\" type=\"application\/pdf\" style=\"width:100%;height:600px\" aria-label=\"Contenu embarqu\u00e9 Jericho flyer - ENG - klein.\"><\/object><a id=\"wp-block-file--media-f0d0a0a6-8a6c-4400-b6f5-87c14f19802c\" href=\"https:\/\/www.chemin-neuf.be\/wp-content\/uploads\/2025\/11\/Jericho-flyer-ENG-klein-1.pdf\">Jericho flyer &#8211; ENG &#8211; klein<\/a><a href=\"https:\/\/www.chemin-neuf.be\/wp-content\/uploads\/2025\/11\/Jericho-flyer-ENG-klein-1.pdf\" class=\"wp-block-file__button wp-element-button\" download aria-describedby=\"wp-block-file--media-f0d0a0a6-8a6c-4400-b6f5-87c14f19802c\">T\u00e9l\u00e9charger<\/a><\/div>\n","protected":false},"excerpt":{"rendered":"<p>retraite Jericho en Suisse du 28\/12\/25 au 02\/01\/26<\/p>\n","protected":false},"featured_media":72693,"menu_order":0,"template":"","meta":{"_acf_changed":false,"footnotes":""},"prop-category":[9],"prop-duration":[],"class_list":["post-72702","proposition","type-proposition","status-publish","has-post-thumbnail","hentry","prop-category-18-30-ans"],"acf":[],"yoast_head":"<!-- This site is optimized with the Yoast SEO plugin v27.5 - https:\/\/yoast.com\/product\/yoast-seo-wordpress\/ -->\n<title>Retraite Jericho en Suisse - Chemin Neuf Belgique<\/title>\n<meta name=\"description\" content=\"retraite Jericho en Suisse du 28\/12\/25 au 02\/01\/26\" \/>\n<meta name=\"robots\" content=\"index, follow, max-snippet:-1, max-image-preview:large, max-video-preview:-1\" \/>\n<link rel=\"canonical\" href=\"https:\/\/www.chemin-neuf.be\/fr\/evenement\/retraite-jericho-en-suisse\/\" \/>\n<meta property=\"og:locale\" content=\"fr_FR\" \/>\n<meta property=\"og:type\" content=\"article\" \/>\n<meta property=\"og:title\" content=\"Retraite Jericho en Suisse - Chemin Neuf Belgique\" \/>\n<meta property=\"og:description\" content=\"retraite Jericho en Suisse du 28\/12\/25 au 02\/01\/26\" \/>\n<meta property=\"og:url\" content=\"https:\/\/www.chemin-neuf.be\/fr\/evenement\/retraite-jericho-en-suisse\/\" \/>\n<meta property=\"og:site_name\" content=\"Chemin Neuf Belgique\" \/>\n<meta property=\"article:modified_time\" content=\"2025-11-30T21:20:56+00:00\" \/>\n<meta property=\"og:image\" content=\"https:\/\/www.chemin-neuf.be\/wp-content\/uploads\/2025\/11\/bethanien-klooster-Zwitserland.jpg\" \/>\n\t<meta property=\"og:image:width\" content=\"640\" \/>\n\t<meta property=\"og:image:height\" content=\"425\" \/>\n\t<meta property=\"og:image:type\" content=\"image\/jpeg\" \/>\n<meta name=\"twitter:card\" content=\"summary_large_image\" \/>\n<meta name=\"twitter:label1\" content=\"Dur\u00e9e de lecture est.\" \/>\n\t<meta name=\"twitter:data1\" content=\"1 minute\" \/>\n<script type=\"application\/ld+json\" class=\"yoast-schema-graph\">{\"@context\":\"https:\\\/\\\/schema.org\",\"@graph\":[{\"@type\":\"WebPage\",\"@id\":\"https:\\\/\\\/www.chemin-neuf.be\\\/fr\\\/evenement\\\/retraite-jericho-en-suisse\\\/\",\"url\":\"https:\\\/\\\/www.chemin-neuf.be\\\/fr\\\/evenement\\\/retraite-jericho-en-suisse\\\/\",\"name\":\"Retraite Jericho en Suisse - Chemin Neuf Belgique\",\"isPartOf\":{\"@id\":\"https:\\\/\\\/www.chemin-neuf.be\\\/fr\\\/#website\"},\"primaryImageOfPage\":{\"@id\":\"https:\\\/\\\/www.chemin-neuf.be\\\/fr\\\/evenement\\\/retraite-jericho-en-suisse\\\/#primaryimage\"},\"image\":{\"@id\":\"https:\\\/\\\/www.chemin-neuf.be\\\/fr\\\/evenement\\\/retraite-jericho-en-suisse\\\/#primaryimage\"},\"thumbnailUrl\":\"https:\\\/\\\/www.chemin-neuf.be\\\/wp-content\\\/uploads\\\/2025\\\/11\\\/bethanien-klooster-Zwitserland.jpg\",\"datePublished\":\"2025-11-30T21:20:55+00:00\",\"dateModified\":\"2025-11-30T21:20:56+00:00\",\"description\":\"retraite Jericho en Suisse du 28\\\/12\\\/25 au 02\\\/01\\\/26\",\"breadcrumb\":{\"@id\":\"https:\\\/\\\/www.chemin-neuf.be\\\/fr\\\/evenement\\\/retraite-jericho-en-suisse\\\/#breadcrumb\"},\"inLanguage\":\"fr-BE\",\"potentialAction\":[{\"@type\":\"ReadAction\",\"target\":[\"https:\\\/\\\/www.chemin-neuf.be\\\/fr\\\/evenement\\\/retraite-jericho-en-suisse\\\/\"]}]},{\"@type\":\"ImageObject\",\"inLanguage\":\"fr-BE\",\"@id\":\"https:\\\/\\\/www.chemin-neuf.be\\\/fr\\\/evenement\\\/retraite-jericho-en-suisse\\\/#primaryimage\",\"url\":\"https:\\\/\\\/www.chemin-neuf.be\\\/wp-content\\\/uploads\\\/2025\\\/11\\\/bethanien-klooster-Zwitserland.jpg\",\"contentUrl\":\"https:\\\/\\\/www.chemin-neuf.be\\\/wp-content\\\/uploads\\\/2025\\\/11\\\/bethanien-klooster-Zwitserland.jpg\",\"width\":640,\"height\":425},{\"@type\":\"BreadcrumbList\",\"@id\":\"https:\\\/\\\/www.chemin-neuf.be\\\/fr\\\/evenement\\\/retraite-jericho-en-suisse\\\/#breadcrumb\",\"itemListElement\":[{\"@type\":\"ListItem\",\"position\":1,\"name\":\"Home\",\"item\":\"https:\\\/\\\/www.chemin-neuf.be\\\/fr\\\/\"},{\"@type\":\"ListItem\",\"position\":2,\"name\":\"Propositions\",\"item\":\"https:\\\/\\\/www.chemin-neuf.be\\\/fr\\\/evenement\\\/\"},{\"@type\":\"ListItem\",\"position\":3,\"name\":\"Retraite Jericho en Suisse\"}]},{\"@type\":\"WebSite\",\"@id\":\"https:\\\/\\\/www.chemin-neuf.be\\\/fr\\\/#website\",\"url\":\"https:\\\/\\\/www.chemin-neuf.be\\\/fr\\\/\",\"name\":\"Chemin Neuf Belgique\",\"description\":\"Communaut\u00e9 du Chemin Neuf en Belgique\",\"potentialAction\":[{\"@type\":\"SearchAction\",\"target\":{\"@type\":\"EntryPoint\",\"urlTemplate\":\"https:\\\/\\\/www.chemin-neuf.be\\\/fr\\\/?s={search_term_string}\"},\"query-input\":{\"@type\":\"PropertyValueSpecification\",\"valueRequired\":true,\"valueName\":\"search_term_string\"}}],\"inLanguage\":\"fr-BE\"}]}<\/script>\n<!-- \/ Yoast SEO plugin. -->","yoast_head_json":{"title":"Retraite Jericho en Suisse - Chemin Neuf Belgique","description":"retraite Jericho en Suisse du 28\/12\/25 au 02\/01\/26","robots":{"index":"index","follow":"follow","max-snippet":"max-snippet:-1","max-image-preview":"max-image-preview:large","max-video-preview":"max-video-preview:-1"},"canonical":"https:\/\/www.chemin-neuf.be\/fr\/evenement\/retraite-jericho-en-suisse\/","og_locale":"fr_FR","og_type":"article","og_title":"Retraite Jericho en Suisse - Chemin Neuf Belgique","og_description":"retraite Jericho en Suisse du 28\/12\/25 au 02\/01\/26","og_url":"https:\/\/www.chemin-neuf.be\/fr\/evenement\/retraite-jericho-en-suisse\/","og_site_name":"Chemin Neuf Belgique","article_modified_time":"2025-11-30T21:20:56+00:00","og_image":[{"width":640,"height":425,"url":"https:\/\/www.chemin-neuf.be\/wp-content\/uploads\/2025\/11\/bethanien-klooster-Zwitserland.jpg","type":"image\/jpeg"}],"twitter_card":"summary_large_image","twitter_misc":{"Dur\u00e9e de lecture est.":"1 minute"},"schema":{"@context":"https:\/\/schema.org","@graph":[{"@type":"WebPage","@id":"https:\/\/www.chemin-neuf.be\/fr\/evenement\/retraite-jericho-en-suisse\/","url":"https:\/\/www.chemin-neuf.be\/fr\/evenement\/retraite-jericho-en-suisse\/","name":"Retraite Jericho en Suisse - Chemin Neuf Belgique","isPartOf":{"@id":"https:\/\/www.chemin-neuf.be\/fr\/#website"},"primaryImageOfPage":{"@id":"https:\/\/www.chemin-neuf.be\/fr\/evenement\/retraite-jericho-en-suisse\/#primaryimage"},"image":{"@id":"https:\/\/www.chemin-neuf.be\/fr\/evenement\/retraite-jericho-en-suisse\/#primaryimage"},"thumbnailUrl":"https:\/\/www.chemin-neuf.be\/wp-content\/uploads\/2025\/11\/bethanien-klooster-Zwitserland.jpg","datePublished":"2025-11-30T21:20:55+00:00","dateModified":"2025-11-30T21:20:56+00:00","description":"retraite Jericho en Suisse du 28\/12\/25 au 02\/01\/26","breadcrumb":{"@id":"https:\/\/www.chemin-neuf.be\/fr\/evenement\/retraite-jericho-en-suisse\/#breadcrumb"},"inLanguage":"fr-BE","potentialAction":[{"@type":"ReadAction","target":["https:\/\/www.chemin-neuf.be\/fr\/evenement\/retraite-jericho-en-suisse\/"]}]},{"@type":"ImageObject","inLanguage":"fr-BE","@id":"https:\/\/www.chemin-neuf.be\/fr\/evenement\/retraite-jericho-en-suisse\/#primaryimage","url":"https:\/\/www.chemin-neuf.be\/wp-content\/uploads\/2025\/11\/bethanien-klooster-Zwitserland.jpg","contentUrl":"https:\/\/www.chemin-neuf.be\/wp-content\/uploads\/2025\/11\/bethanien-klooster-Zwitserland.jpg","width":640,"height":425},{"@type":"BreadcrumbList","@id":"https:\/\/www.chemin-neuf.be\/fr\/evenement\/retraite-jericho-en-suisse\/#breadcrumb","itemListElement":[{"@type":"ListItem","position":1,"name":"Home","item":"https:\/\/www.chemin-neuf.be\/fr\/"},{"@type":"ListItem","position":2,"name":"Propositions","item":"https:\/\/www.chemin-neuf.be\/fr\/evenement\/"},{"@type":"ListItem","position":3,"name":"Retraite Jericho en Suisse"}]},{"@type":"WebSite","@id":"https:\/\/www.chemin-neuf.be\/fr\/#website","url":"https:\/\/www.chemin-neuf.be\/fr\/","name":"Chemin Neuf Belgique","description":"Communaut\u00e9 du Chemin Neuf en Belgique","potentialAction":[{"@type":"SearchAction","target":{"@type":"EntryPoint","urlTemplate":"https:\/\/www.chemin-neuf.be\/fr\/?s={search_term_string}"},"query-input":{"@type":"PropertyValueSpecification","valueRequired":true,"valueName":"search_term_string"}}],"inLanguage":"fr-BE"}]}},"_links":{"self":[{"href":"https:\/\/www.chemin-neuf.be\/fr\/wp-json\/wp\/v2\/proposition\/72702","targetHints":{"allow":["GET"]}}],"collection":[{"href":"https:\/\/www.chemin-neuf.be\/fr\/wp-json\/wp\/v2\/proposition"}],"about":[{"href":"https:\/\/www.chemin-neuf.be\/fr\/wp-json\/wp\/v2\/types\/proposition"}],"version-history":[{"count":1,"href":"https:\/\/www.chemin-neuf.be\/fr\/wp-json\/wp\/v2\/proposition\/72702\/revisions"}],"predecessor-version":[{"id":72705,"href":"https:\/\/www.chemin-neuf.be\/fr\/wp-json\/wp\/v2\/proposition\/72702\/revisions\/72705"}],"wp:featuredmedia":[{"embeddable":true,"href":"https:\/\/www.chemin-neuf.be\/fr\/wp-json\/wp\/v2\/media\/72693"}],"wp:attachment":[{"href":"https:\/\/www.chemin-neuf.be\/fr\/wp-json\/wp\/v2\/media?parent=72702"}],"wp:term":[{"taxonomy":"prop-category","embeddable":true,"href":"https:\/\/www.chemin-neuf.be\/fr\/wp-json\/wp\/v2\/prop-category?post=72702"},{"taxonomy":"prop-duration","embeddable":true,"href":"https:\/\/www.chemin-neuf.be\/fr\/wp-json\/wp\/v2\/prop-duration?post=72702"}],"curies":[{"name":"wp","href":"https:\/\/api.w.org\/{rel}","templated":true}]}}

<h2 class="wp-block-heading">Retraite pour jeunes en Suisse du 28/12 au 02/01</h2>



<p>Prenez une pause à Nouvel An. La Communauté du Chemin Neuf te propose une retraite en Suisse au monastère de Bethanien. Une demi journée en silence; une demi journée de randonnées, de petits groupes de partage, un accompagnement personnel. Echanger, louer, se promener en montagne, prier avec la Bible entre jeunes dans un cadre magnifique. </p>



<p>Infos: sr. Bettina, <strong>tel. 0456 940821</strong></p>



<div data-wp-interactive="core/file" class="wp-block-file"><object data-wp-bind--hidden="!state.hasPdfPreview" hidden class="wp-block-file__embed" data="https://www.chemin-neuf.be/wp-content/uploads/2025/11/Jericho-flyer-ENG-klein-1.pdf" type="application/pdf" style="width:100%;height:600px" aria-label="Contenu embarqué Jericho flyer - ENG - klein."></object><a id="wp-block-file--media-f0d0a0a6-8a6c-4400-b6f5-87c14f19802c" href="https://www.chemin-neuf.be/wp-content/uploads/2025/11/Jericho-flyer-ENG-klein-1.pdf">Jericho flyer &#8211; ENG &#8211; klein</a><a href="https://www.chemin-neuf.be/wp-content/uploads/2025/11/Jericho-flyer-ENG-klein-1.pdf" class="wp-block-file__button wp-element-button" download aria-describedby="wp-block-file--media-f0d0a0a6-8a6c-4400-b6f5-87c14f19802c">Télécharger</a></div>

<!-- This site is optimized with the Yoast SEO plugin v27.5 - https://yoast.com/product/yoast-seo-wordpress/ -->
<title>Retraite Jericho en Suisse - Chemin Neuf Belgique</title>
<meta name="description" content="retraite Jericho en Suisse du 28/12/25 au 02/01/26" />
<meta name="robots" content="index, follow, max-snippet:-1, max-image-preview:large, max-video-preview:-1" />
<link rel="canonical" href="https://www.chemin-neuf.be/fr/evenement/retraite-jericho-en-suisse/" />
<meta property="og:locale" content="fr_FR" />
<meta property="og:type" content="article" />
<meta property="og:title" content="Retraite Jericho en Suisse - Chemin Neuf Belgique" />
<meta property="og:description" content="retraite Jericho en Suisse du 28/12/25 au 02/01/26" />
<meta property="og:url" content="https://www.chemin-neuf.be/fr/evenement/retraite-jericho-en-suisse/" />
<meta property="og:site_name" content="Chemin Neuf Belgique" />
<meta property="article:modified_time" content="2025-11-30T21:20:56+00:00" />
<meta property="og:image" content="https://www.chemin-neuf.be/wp-content/uploads/2025/11/bethanien-klooster-Zwitserland.jpg" />
	<meta property="og:image:width" content="640" />
	<meta property="og:image:height" content="425" />
	<meta property="og:image:type" content="image/jpeg" />
<meta name="twitter:card" content="summary_large_image" />
<meta name="twitter:label1" content="Durée de lecture est." />
	<meta name="twitter:data1" content="1 minute" />
<script type="application/ld+json" class="yoast-schema-graph">{"@context":"https:\/\/schema.org","@graph":[{"@type":"WebPage","@id":"https:\/\/www.chemin-neuf.be\/fr\/evenement\/retraite-jericho-en-suisse\/","url":"https:\/\/www.chemin-neuf.be\/fr\/evenement\/retraite-jericho-en-suisse\/","name":"Retraite Jericho en Suisse - Chemin Neuf Belgique","isPartOf":{"@id":"https:\/\/www.chemin-neuf.be\/fr\/#website"},"primaryImageOfPage":{"@id":"https:\/\/www.chemin-neuf.be\/fr\/evenement\/retraite-jericho-en-suisse\/#primaryimage"},"image":{"@id":"https:\/\/www.chemin-neuf.be\/fr\/evenement\/retraite-jericho-en-suisse\/#primaryimage"},"thumbnailUrl":"https:\/\/www.chemin-neuf.be\/wp-content\/uploads\/2025\/11\/bethanien-klooster-Zwitserland.jpg","datePublished":"2025-11-30T21:20:55+00:00","dateModified":"2025-11-30T21:20:56+00:00","description":"retraite Jericho en Suisse du 28\/12\/25 au 02\/01\/26","breadcrumb":{"@id":"https:\/\/www.chemin-neuf.be\/fr\/evenement\/retraite-jericho-en-suisse\/#breadcrumb"},"inLanguage":"fr-BE","potentialAction":[{"@type":"ReadAction","target":["https:\/\/www.chemin-neuf.be\/fr\/evenement\/retraite-jericho-en-suisse\/"]}]},{"@type":"ImageObject","inLanguage":"fr-BE","@id":"https:\/\/www.chemin-neuf.be\/fr\/evenement\/retraite-jericho-en-suisse\/#primaryimage","url":"https:\/\/www.chemin-neuf.be\/wp-content\/uploads\/2025\/11\/bethanien-klooster-Zwitserland.jpg","contentUrl":"https:\/\/www.chemin-neuf.be\/wp-content\/uploads\/2025\/11\/bethanien-klooster-Zwitserland.jpg","width":640,"height":425},{"@type":"BreadcrumbList","@id":"https:\/\/www.chemin-neuf.be\/fr\/evenement\/retraite-jericho-en-suisse\/#breadcrumb","itemListElement":[{"@type":"ListItem","position":1,"name":"Home","item":"https:\/\/www.chemin-neuf.be\/fr\/"},{"@type":"ListItem","position":2,"name":"Propositions","item":"https:\/\/www.chemin-neuf.be\/fr\/evenement\/"},{"@type":"ListItem","position":3,"name":"Retraite Jericho en Suisse"}]},{"@type":"WebSite","@id":"https:\/\/www.chemin-neuf.be\/fr\/#website","url":"https:\/\/www.chemin-neuf.be\/fr\/","name":"Chemin Neuf Belgique","description":"Communauté du Chemin Neuf en Belgique","potentialAction":[{"@type":"SearchAction","target":{"@type":"EntryPoint","urlTemplate":"https:\/\/www.chemin-neuf.be\/fr\/?s={search_term_string}"},"query-input":{"@type":"PropertyValueSpecification","valueRequired":true,"valueName":"search_term_string"}}],"inLanguage":"fr-BE"}]}</script>
<!-- / Yoast SEO plugin. -->

Communauté du Chemin Neuf en Belgique
