{"id":62678,"date":"2024-09-26T18:16:35","date_gmt":"2024-09-26T16:16:35","guid":{"rendered":"https:\/\/www.chemin-neuf.be\/?post_type=proposition&#038;p=62678"},"modified":"2025-01-03T10:37:42","modified_gmt":"2025-01-03T09:37:42","slug":"rise-and-shine","status":"publish","type":"proposition","link":"https:\/\/www.chemin-neuf.be\/fr\/evenement\/rise-and-shine\/","title":{"rendered":"Rise and Shine"},"content":{"rendered":"\n<h2 class=\"wp-block-heading\"><i class=\"fas fa-file-alt ccn-fa-icon\" aria-hidden=\"true\"> <\/i>Proposition\/ PROPOSAL<\/h2>\n\n\n\n<div class=\"wp-block-columns is-layout-flex wp-container-core-columns-is-layout-9d6595d7 wp-block-columns-is-layout-flex\">\n<div class=\"wp-block-column is-layout-flow wp-block-column-is-layout-flow\">\n<h3 class=\"wp-block-heading\">Fran\u00e7ais<\/h3>\n\n\n\n<p>Voulez-vous commencer la nouvelle ann\u00e9e avec Dieu et prendre le temps d&rsquo;actualiser vos priorit\u00e9s ? Alors la retraite \u00ab Rise &amp; Shine \u00bb est exactement ce qu&rsquo;il vous faut. Quatre jours remplis de :<\/p>\n\n\n\n<ul class=\"wp-block-list\">\n<li>Un accompagnement spirituel personnel chaque jour pour avancer concr\u00e8tement et \u00eatre attentif au message de Dieu pour vous.<\/li>\n\n\n\n<li>Un enseignement pour te former, discerner, te rapprocher du Seigneur<\/li>\n\n\n\n<li>Des temps de fraternit\u00e9 (partage) pour grandir ensemble.<\/li>\n\n\n\n<li>Des temps d&rsquo;ateliers artistiques, de sport et de danse pour t&rsquo;inspirer et te nourrir<\/li>\n\n\n\n<li>Des soir\u00e9es de pri\u00e8re, de louange, de t\u00e9moignages pour t&rsquo;ancrer dans le Christ<\/li>\n<\/ul>\n<\/div>\n\n\n\n<div class=\"wp-block-column is-layout-flow wp-block-column-is-layout-flow\">\n<h3 class=\"wp-block-heading\">English<\/h3>\n\n\n\n<p>Want to start the new year with God and take time to get your priorities right? Then the \u201cRise &amp; Shine\u201d retreat is just for you.&nbsp;<\/p>\n\n\n\n<p>Four days filled with:<\/p>\n\n\n\n<ul class=\"wp-block-list\">\n<li>Personal spiritual guidance every day to move forward concretely and be attentive to God&rsquo;s message for you.<\/li>\n\n\n\n<li>Teaching to shape you, discern you, draw you closer to the Lord<\/li>\n\n\n\n<li>Times of fraternity (sharing groups) to share and move forward together<\/li>\n\n\n\n<li>Times of artistic workshops, sports, dance to motivate you<\/li>\n\n\n\n<li>Evenings of prayer, praise, testimonies to anchor you in Christ<\/li>\n<\/ul>\n<\/div>\n<\/div>\n\n\n\n<h2 class=\"wp-block-heading\"><i class=\"fas fa-piggy-bank ccn-fa-icon\" aria-hidden=\"true\"> <\/i> Prix\/ COSTS<\/h2>\n\n\n\n<p>72 &#8211; 90\u20ac<\/p>\n\n\n\n<div class=\"wp-block-columns is-layout-flex wp-container-core-columns-is-layout-9d6595d7 wp-block-columns-is-layout-flex\">\n<div class=\"wp-block-column is-layout-flow wp-block-column-is-layout-flow\" style=\"flex-basis:50%\">\n<p>C&rsquo;est vous qui choisissez le montant que vous pouvez et voulez donner. Nous aimons donner cette marge afin que ceux qui ont plus puissent soutenir ceux qui ne peuvent pas donner autant. Cependant, l&rsquo;argent ne devrait pas \u00eatre un probl\u00e8me pour participer, contactez-nous si c&rsquo;est le cas et nous trouverons une solution ensemble.<\/p>\n<\/div>\n\n\n\n<div class=\"wp-block-column is-layout-flow wp-block-column-is-layout-flow\" style=\"flex-basis:50%\">\n<p>You may choose, how much you can and want to give. We like to give this margin, so that those who have more can support those, who cannot give so much. Still, money should not be a problem to participate, contact us if that would be the case and we will find a solution together.<\/p>\n<\/div>\n<\/div>\n","protected":false},"excerpt":{"rendered":"<p>4 jours<\/p>\n","protected":false},"featured_media":62681,"menu_order":0,"template":"","meta":{"_acf_changed":false,"footnotes":""},"prop-category":[9],"prop-duration":[],"class_list":["post-62678","proposition","type-proposition","status-publish","has-post-thumbnail","hentry","prop-category-18-30-ans"],"acf":[],"yoast_head":"<!-- This site is optimized with the Yoast SEO plugin v27.5 - https:\/\/yoast.com\/product\/yoast-seo-wordpress\/ -->\n<title>Rise and Shine - Chemin Neuf Belgique<\/title>\n<meta name=\"description\" content=\"4 jours\" \/>\n<meta name=\"robots\" content=\"index, follow, max-snippet:-1, max-image-preview:large, max-video-preview:-1\" \/>\n<link rel=\"canonical\" href=\"https:\/\/www.chemin-neuf.be\/fr\/evenement\/rise-and-shine\/\" \/>\n<meta property=\"og:locale\" content=\"fr_FR\" \/>\n<meta property=\"og:type\" content=\"article\" \/>\n<meta property=\"og:title\" content=\"Rise and Shine - Chemin Neuf Belgique\" \/>\n<meta property=\"og:description\" content=\"4 jours\" \/>\n<meta property=\"og:url\" content=\"https:\/\/www.chemin-neuf.be\/fr\/evenement\/rise-and-shine\/\" \/>\n<meta property=\"og:site_name\" content=\"Chemin Neuf Belgique\" \/>\n<meta property=\"article:modified_time\" content=\"2025-01-03T09:37:42+00:00\" \/>\n<meta property=\"og:image\" content=\"https:\/\/www.chemin-neuf.be\/wp-content\/uploads\/2024\/09\/httpswww.chemin-neuf.nlwp-contentuploads202409Banner-Rise-and-Shine-scaled-1.jpg\" \/>\n\t<meta property=\"og:image:width\" content=\"1920\" \/>\n\t<meta property=\"og:image:height\" content=\"1097\" \/>\n\t<meta property=\"og:image:type\" content=\"image\/jpeg\" \/>\n<meta name=\"twitter:card\" content=\"summary_large_image\" \/>\n<meta name=\"twitter:label1\" content=\"Dur\u00e9e de lecture est.\" \/>\n\t<meta name=\"twitter:data1\" content=\"2 minutes\" \/>\n<script type=\"application\/ld+json\" class=\"yoast-schema-graph\">{\"@context\":\"https:\\\/\\\/schema.org\",\"@graph\":[{\"@type\":\"WebPage\",\"@id\":\"https:\\\/\\\/www.chemin-neuf.be\\\/fr\\\/evenement\\\/rise-and-shine\\\/\",\"url\":\"https:\\\/\\\/www.chemin-neuf.be\\\/fr\\\/evenement\\\/rise-and-shine\\\/\",\"name\":\"Rise and Shine - Chemin Neuf Belgique\",\"isPartOf\":{\"@id\":\"https:\\\/\\\/www.chemin-neuf.be\\\/fr\\\/#website\"},\"primaryImageOfPage\":{\"@id\":\"https:\\\/\\\/www.chemin-neuf.be\\\/fr\\\/evenement\\\/rise-and-shine\\\/#primaryimage\"},\"image\":{\"@id\":\"https:\\\/\\\/www.chemin-neuf.be\\\/fr\\\/evenement\\\/rise-and-shine\\\/#primaryimage\"},\"thumbnailUrl\":\"https:\\\/\\\/www.chemin-neuf.be\\\/wp-content\\\/uploads\\\/2024\\\/09\\\/httpswww.chemin-neuf.nlwp-contentuploads202409Banner-Rise-and-Shine-scaled-1.jpg\",\"datePublished\":\"2024-09-26T16:16:35+00:00\",\"dateModified\":\"2025-01-03T09:37:42+00:00\",\"description\":\"4 jours\",\"breadcrumb\":{\"@id\":\"https:\\\/\\\/www.chemin-neuf.be\\\/fr\\\/evenement\\\/rise-and-shine\\\/#breadcrumb\"},\"inLanguage\":\"fr-BE\",\"potentialAction\":[{\"@type\":\"ReadAction\",\"target\":[\"https:\\\/\\\/www.chemin-neuf.be\\\/fr\\\/evenement\\\/rise-and-shine\\\/\"]}]},{\"@type\":\"ImageObject\",\"inLanguage\":\"fr-BE\",\"@id\":\"https:\\\/\\\/www.chemin-neuf.be\\\/fr\\\/evenement\\\/rise-and-shine\\\/#primaryimage\",\"url\":\"https:\\\/\\\/www.chemin-neuf.be\\\/wp-content\\\/uploads\\\/2024\\\/09\\\/httpswww.chemin-neuf.nlwp-contentuploads202409Banner-Rise-and-Shine-scaled-1.jpg\",\"contentUrl\":\"https:\\\/\\\/www.chemin-neuf.be\\\/wp-content\\\/uploads\\\/2024\\\/09\\\/httpswww.chemin-neuf.nlwp-contentuploads202409Banner-Rise-and-Shine-scaled-1.jpg\",\"width\":1920,\"height\":1097},{\"@type\":\"BreadcrumbList\",\"@id\":\"https:\\\/\\\/www.chemin-neuf.be\\\/fr\\\/evenement\\\/rise-and-shine\\\/#breadcrumb\",\"itemListElement\":[{\"@type\":\"ListItem\",\"position\":1,\"name\":\"Home\",\"item\":\"https:\\\/\\\/www.chemin-neuf.be\\\/fr\\\/\"},{\"@type\":\"ListItem\",\"position\":2,\"name\":\"Propositions\",\"item\":\"https:\\\/\\\/www.chemin-neuf.be\\\/fr\\\/evenement\\\/\"},{\"@type\":\"ListItem\",\"position\":3,\"name\":\"Rise and Shine\"}]},{\"@type\":\"WebSite\",\"@id\":\"https:\\\/\\\/www.chemin-neuf.be\\\/fr\\\/#website\",\"url\":\"https:\\\/\\\/www.chemin-neuf.be\\\/fr\\\/\",\"name\":\"Chemin Neuf Belgique\",\"description\":\"Communaut\u00e9 du Chemin Neuf en Belgique\",\"potentialAction\":[{\"@type\":\"SearchAction\",\"target\":{\"@type\":\"EntryPoint\",\"urlTemplate\":\"https:\\\/\\\/www.chemin-neuf.be\\\/fr\\\/?s={search_term_string}\"},\"query-input\":{\"@type\":\"PropertyValueSpecification\",\"valueRequired\":true,\"valueName\":\"search_term_string\"}}],\"inLanguage\":\"fr-BE\"}]}<\/script>\n<!-- \/ Yoast SEO plugin. -->","yoast_head_json":{"title":"Rise and Shine - Chemin Neuf Belgique","description":"4 jours","robots":{"index":"index","follow":"follow","max-snippet":"max-snippet:-1","max-image-preview":"max-image-preview:large","max-video-preview":"max-video-preview:-1"},"canonical":"https:\/\/www.chemin-neuf.be\/fr\/evenement\/rise-and-shine\/","og_locale":"fr_FR","og_type":"article","og_title":"Rise and Shine - Chemin Neuf Belgique","og_description":"4 jours","og_url":"https:\/\/www.chemin-neuf.be\/fr\/evenement\/rise-and-shine\/","og_site_name":"Chemin Neuf Belgique","article_modified_time":"2025-01-03T09:37:42+00:00","og_image":[{"width":1920,"height":1097,"url":"https:\/\/www.chemin-neuf.be\/wp-content\/uploads\/2024\/09\/httpswww.chemin-neuf.nlwp-contentuploads202409Banner-Rise-and-Shine-scaled-1.jpg","type":"image\/jpeg"}],"twitter_card":"summary_large_image","twitter_misc":{"Dur\u00e9e de lecture est.":"2 minutes"},"schema":{"@context":"https:\/\/schema.org","@graph":[{"@type":"WebPage","@id":"https:\/\/www.chemin-neuf.be\/fr\/evenement\/rise-and-shine\/","url":"https:\/\/www.chemin-neuf.be\/fr\/evenement\/rise-and-shine\/","name":"Rise and Shine - Chemin Neuf Belgique","isPartOf":{"@id":"https:\/\/www.chemin-neuf.be\/fr\/#website"},"primaryImageOfPage":{"@id":"https:\/\/www.chemin-neuf.be\/fr\/evenement\/rise-and-shine\/#primaryimage"},"image":{"@id":"https:\/\/www.chemin-neuf.be\/fr\/evenement\/rise-and-shine\/#primaryimage"},"thumbnailUrl":"https:\/\/www.chemin-neuf.be\/wp-content\/uploads\/2024\/09\/httpswww.chemin-neuf.nlwp-contentuploads202409Banner-Rise-and-Shine-scaled-1.jpg","datePublished":"2024-09-26T16:16:35+00:00","dateModified":"2025-01-03T09:37:42+00:00","description":"4 jours","breadcrumb":{"@id":"https:\/\/www.chemin-neuf.be\/fr\/evenement\/rise-and-shine\/#breadcrumb"},"inLanguage":"fr-BE","potentialAction":[{"@type":"ReadAction","target":["https:\/\/www.chemin-neuf.be\/fr\/evenement\/rise-and-shine\/"]}]},{"@type":"ImageObject","inLanguage":"fr-BE","@id":"https:\/\/www.chemin-neuf.be\/fr\/evenement\/rise-and-shine\/#primaryimage","url":"https:\/\/www.chemin-neuf.be\/wp-content\/uploads\/2024\/09\/httpswww.chemin-neuf.nlwp-contentuploads202409Banner-Rise-and-Shine-scaled-1.jpg","contentUrl":"https:\/\/www.chemin-neuf.be\/wp-content\/uploads\/2024\/09\/httpswww.chemin-neuf.nlwp-contentuploads202409Banner-Rise-and-Shine-scaled-1.jpg","width":1920,"height":1097},{"@type":"BreadcrumbList","@id":"https:\/\/www.chemin-neuf.be\/fr\/evenement\/rise-and-shine\/#breadcrumb","itemListElement":[{"@type":"ListItem","position":1,"name":"Home","item":"https:\/\/www.chemin-neuf.be\/fr\/"},{"@type":"ListItem","position":2,"name":"Propositions","item":"https:\/\/www.chemin-neuf.be\/fr\/evenement\/"},{"@type":"ListItem","position":3,"name":"Rise and Shine"}]},{"@type":"WebSite","@id":"https:\/\/www.chemin-neuf.be\/fr\/#website","url":"https:\/\/www.chemin-neuf.be\/fr\/","name":"Chemin Neuf Belgique","description":"Communaut\u00e9 du Chemin Neuf en Belgique","potentialAction":[{"@type":"SearchAction","target":{"@type":"EntryPoint","urlTemplate":"https:\/\/www.chemin-neuf.be\/fr\/?s={search_term_string}"},"query-input":{"@type":"PropertyValueSpecification","valueRequired":true,"valueName":"search_term_string"}}],"inLanguage":"fr-BE"}]}},"_links":{"self":[{"href":"https:\/\/www.chemin-neuf.be\/fr\/wp-json\/wp\/v2\/proposition\/62678","targetHints":{"allow":["GET"]}}],"collection":[{"href":"https:\/\/www.chemin-neuf.be\/fr\/wp-json\/wp\/v2\/proposition"}],"about":[{"href":"https:\/\/www.chemin-neuf.be\/fr\/wp-json\/wp\/v2\/types\/proposition"}],"version-history":[{"count":5,"href":"https:\/\/www.chemin-neuf.be\/fr\/wp-json\/wp\/v2\/proposition\/62678\/revisions"}],"predecessor-version":[{"id":65267,"href":"https:\/\/www.chemin-neuf.be\/fr\/wp-json\/wp\/v2\/proposition\/62678\/revisions\/65267"}],"wp:featuredmedia":[{"embeddable":true,"href":"https:\/\/www.chemin-neuf.be\/fr\/wp-json\/wp\/v2\/media\/62681"}],"wp:attachment":[{"href":"https:\/\/www.chemin-neuf.be\/fr\/wp-json\/wp\/v2\/media?parent=62678"}],"wp:term":[{"taxonomy":"prop-category","embeddable":true,"href":"https:\/\/www.chemin-neuf.be\/fr\/wp-json\/wp\/v2\/prop-category?post=62678"},{"taxonomy":"prop-duration","embeddable":true,"href":"https:\/\/www.chemin-neuf.be\/fr\/wp-json\/wp\/v2\/prop-duration?post=62678"}],"curies":[{"name":"wp","href":"https:\/\/api.w.org\/{rel}","templated":true}]}}

<h2 class="wp-block-heading"><i class="fas fa-file-alt ccn-fa-icon" aria-hidden="true"> </i>Proposition/ PROPOSAL</h2>



<div class="wp-block-columns is-layout-flex wp-container-core-columns-is-layout-9d6595d7 wp-block-columns-is-layout-flex">
<div class="wp-block-column is-layout-flow wp-block-column-is-layout-flow">
<h3 class="wp-block-heading">Français</h3>



<p>Voulez-vous commencer la nouvelle année avec Dieu et prendre le temps d&rsquo;actualiser vos priorités ? Alors la retraite « Rise &amp; Shine » est exactement ce qu&rsquo;il vous faut. Quatre jours remplis de :</p>



<ul class="wp-block-list">
<li>Un accompagnement spirituel personnel chaque jour pour avancer concrètement et être attentif au message de Dieu pour vous.</li>



<li>Un enseignement pour te former, discerner, te rapprocher du Seigneur</li>



<li>Des temps de fraternité (partage) pour grandir ensemble.</li>



<li>Des temps d&rsquo;ateliers artistiques, de sport et de danse pour t&rsquo;inspirer et te nourrir</li>



<li>Des soirées de prière, de louange, de témoignages pour t&rsquo;ancrer dans le Christ</li>
</ul>
</div>



<div class="wp-block-column is-layout-flow wp-block-column-is-layout-flow">
<h3 class="wp-block-heading">English</h3>



<p>Want to start the new year with God and take time to get your priorities right? Then the “Rise &amp; Shine” retreat is just for you.&nbsp;</p>



<p>Four days filled with:</p>



<ul class="wp-block-list">
<li>Personal spiritual guidance every day to move forward concretely and be attentive to God&rsquo;s message for you.</li>



<li>Teaching to shape you, discern you, draw you closer to the Lord</li>



<li>Times of fraternity (sharing groups) to share and move forward together</li>



<li>Times of artistic workshops, sports, dance to motivate you</li>



<li>Evenings of prayer, praise, testimonies to anchor you in Christ</li>
</ul>
</div>
</div>



<h2 class="wp-block-heading"><i class="fas fa-piggy-bank ccn-fa-icon" aria-hidden="true"> </i> Prix/ COSTS</h2>



<p>72 &#8211; 90€</p>



<div class="wp-block-columns is-layout-flex wp-container-core-columns-is-layout-9d6595d7 wp-block-columns-is-layout-flex">
<div class="wp-block-column is-layout-flow wp-block-column-is-layout-flow" style="flex-basis:50%">
<p>C&rsquo;est vous qui choisissez le montant que vous pouvez et voulez donner. Nous aimons donner cette marge afin que ceux qui ont plus puissent soutenir ceux qui ne peuvent pas donner autant. Cependant, l&rsquo;argent ne devrait pas être un problème pour participer, contactez-nous si c&rsquo;est le cas et nous trouverons une solution ensemble.</p>
</div>



<div class="wp-block-column is-layout-flow wp-block-column-is-layout-flow" style="flex-basis:50%">
<p>You may choose, how much you can and want to give. We like to give this margin, so that those who have more can support those, who cannot give so much. Still, money should not be a problem to participate, contact us if that would be the case and we will find a solution together.</p>
</div>
</div>

<!-- This site is optimized with the Yoast SEO plugin v27.5 - https://yoast.com/product/yoast-seo-wordpress/ -->
<title>Rise and Shine - Chemin Neuf Belgique</title>
<meta name="description" content="4 jours" />
<meta name="robots" content="index, follow, max-snippet:-1, max-image-preview:large, max-video-preview:-1" />
<link rel="canonical" href="https://www.chemin-neuf.be/fr/evenement/rise-and-shine/" />
<meta property="og:locale" content="fr_FR" />
<meta property="og:type" content="article" />
<meta property="og:title" content="Rise and Shine - Chemin Neuf Belgique" />
<meta property="og:description" content="4 jours" />
<meta property="og:url" content="https://www.chemin-neuf.be/fr/evenement/rise-and-shine/" />
<meta property="og:site_name" content="Chemin Neuf Belgique" />
<meta property="article:modified_time" content="2025-01-03T09:37:42+00:00" />
<meta property="og:image" content="https://www.chemin-neuf.be/wp-content/uploads/2024/09/httpswww.chemin-neuf.nlwp-contentuploads202409Banner-Rise-and-Shine-scaled-1.jpg" />
	<meta property="og:image:width" content="1920" />
	<meta property="og:image:height" content="1097" />
	<meta property="og:image:type" content="image/jpeg" />
<meta name="twitter:card" content="summary_large_image" />
<meta name="twitter:label1" content="Durée de lecture est." />
	<meta name="twitter:data1" content="2 minutes" />
<script type="application/ld+json" class="yoast-schema-graph">{"@context":"https:\/\/schema.org","@graph":[{"@type":"WebPage","@id":"https:\/\/www.chemin-neuf.be\/fr\/evenement\/rise-and-shine\/","url":"https:\/\/www.chemin-neuf.be\/fr\/evenement\/rise-and-shine\/","name":"Rise and Shine - Chemin Neuf Belgique","isPartOf":{"@id":"https:\/\/www.chemin-neuf.be\/fr\/#website"},"primaryImageOfPage":{"@id":"https:\/\/www.chemin-neuf.be\/fr\/evenement\/rise-and-shine\/#primaryimage"},"image":{"@id":"https:\/\/www.chemin-neuf.be\/fr\/evenement\/rise-and-shine\/#primaryimage"},"thumbnailUrl":"https:\/\/www.chemin-neuf.be\/wp-content\/uploads\/2024\/09\/httpswww.chemin-neuf.nlwp-contentuploads202409Banner-Rise-and-Shine-scaled-1.jpg","datePublished":"2024-09-26T16:16:35+00:00","dateModified":"2025-01-03T09:37:42+00:00","description":"4 jours","breadcrumb":{"@id":"https:\/\/www.chemin-neuf.be\/fr\/evenement\/rise-and-shine\/#breadcrumb"},"inLanguage":"fr-BE","potentialAction":[{"@type":"ReadAction","target":["https:\/\/www.chemin-neuf.be\/fr\/evenement\/rise-and-shine\/"]}]},{"@type":"ImageObject","inLanguage":"fr-BE","@id":"https:\/\/www.chemin-neuf.be\/fr\/evenement\/rise-and-shine\/#primaryimage","url":"https:\/\/www.chemin-neuf.be\/wp-content\/uploads\/2024\/09\/httpswww.chemin-neuf.nlwp-contentuploads202409Banner-Rise-and-Shine-scaled-1.jpg","contentUrl":"https:\/\/www.chemin-neuf.be\/wp-content\/uploads\/2024\/09\/httpswww.chemin-neuf.nlwp-contentuploads202409Banner-Rise-and-Shine-scaled-1.jpg","width":1920,"height":1097},{"@type":"BreadcrumbList","@id":"https:\/\/www.chemin-neuf.be\/fr\/evenement\/rise-and-shine\/#breadcrumb","itemListElement":[{"@type":"ListItem","position":1,"name":"Home","item":"https:\/\/www.chemin-neuf.be\/fr\/"},{"@type":"ListItem","position":2,"name":"Propositions","item":"https:\/\/www.chemin-neuf.be\/fr\/evenement\/"},{"@type":"ListItem","position":3,"name":"Rise and Shine"}]},{"@type":"WebSite","@id":"https:\/\/www.chemin-neuf.be\/fr\/#website","url":"https:\/\/www.chemin-neuf.be\/fr\/","name":"Chemin Neuf Belgique","description":"Communauté du Chemin Neuf en Belgique","potentialAction":[{"@type":"SearchAction","target":{"@type":"EntryPoint","urlTemplate":"https:\/\/www.chemin-neuf.be\/fr\/?s={search_term_string}"},"query-input":{"@type":"PropertyValueSpecification","valueRequired":true,"valueName":"search_term_string"}}],"inLanguage":"fr-BE"}]}</script>
<!-- / Yoast SEO plugin. -->

Communauté du Chemin Neuf en Belgique
