{"id":62672,"date":"2024-09-26T18:08:30","date_gmt":"2024-09-26T16:08:30","guid":{"rendered":"https:\/\/www.chemin-neuf.be\/?post_type=proposition&#038;p=62672"},"modified":"2025-01-13T11:34:56","modified_gmt":"2025-01-13T10:34:56","slug":"listen-to-gods-voice","status":"publish","type":"proposition","link":"https:\/\/www.chemin-neuf.be\/fr\/evenement\/listen-to-gods-voice\/","title":{"rendered":"LISTEN to God&rsquo;s voice"},"content":{"rendered":"\n<h2 class=\"wp-block-heading\"><i class=\"fas fa-file-alt ccn-fa-icon\" aria-hidden=\"true\"> <\/i>Proposition\/ PROPOSAL<\/h2>\n\n\n\n<div class=\"wp-block-columns is-layout-flex wp-container-core-columns-is-layout-9d6595d7 wp-block-columns-is-layout-flex\">\n<div class=\"wp-block-column is-layout-flow wp-block-column-is-layout-flow\">\n<h3 class=\"wp-block-heading\">Fran\u00e7ais<\/h3>\n\n\n\n<p>Vous \u00eates-vous d\u00e9j\u00e0 demand\u00e9 \u00e0 quoi ressemblait la voix de Dieu ? La Bible nous raconte de nombreuses histoires de personnes qui ont entendu la voix de Dieu, comme les proph\u00e8tes ou les ap\u00f4tres, par exemple. Aujourd&rsquo;hui encore, il est possible d&rsquo;entendre la voix de Dieu, mais l&rsquo;\u00e9coutons-nous vraiment ? Comment pouvons-nous nous ouvrir pour l&rsquo;entendre vraiment ?<\/p>\n\n\n\n<p>Ce week-end, nous voulons partir ensemble \u00e0 la d\u00e9couverte de la voix de Dieu et apprendre \u00e0 l&rsquo;\u00e9couter. Nous voulons apprendre \u00e0 reconna\u00eetre sa voix qui, m\u00eame si elle ne parvient pas \u00e0 nos oreilles de mani\u00e8re acoustique, peut p\u00e9n\u00e9trer dans nos c\u0153urs.<\/p>\n\n\n\n<p>A l&rsquo;aide d&rsquo;introductions et d&rsquo;ateliers, nous en apprendrons toujours plus sur la voix de Dieu, en partageant avec d&rsquo;autres, nous pourrons apprendre les uns des autres et surtout nous prendrons des temps de pri\u00e8re, pour travailler concr\u00e8tement \u00e0 la compr\u00e9hension de sa voix.<\/p>\n<\/div>\n\n\n\n<div class=\"wp-block-column is-layout-flow wp-block-column-is-layout-flow\">\n<h3 class=\"wp-block-heading\">English<\/h3>\n\n\n\n<p>Have you ever wondered what God&rsquo;s voice sounds like? The Bible tells us many stories of people who heard God&rsquo;s voice, such as the prophets or apostles, for example. And even today it is possible to hear God&rsquo;s voice, but are we actually listening? How can we open up to really hear Him?<\/p>\n\n\n\n<p>In this weekend we want to go on a journey of discovery together and learn to listen to and recognize God&rsquo;s voice. Even if it does not reach our ears acoustically, that it can still penetrate our hearts.<\/p>\n\n\n\n<p>With introductions and workshops we will form ourselves, through sharing with the others we can learn from each other and we will certainly also take times of prayer, to work concretely on hearing His voice.<\/p>\n<\/div>\n<\/div>\n\n\n\n<h2 class=\"wp-block-heading\"><i class=\"fas fa-piggy-bank ccn-fa-icon\" aria-hidden=\"true\"> <\/i> PRIX\/ COSTS<\/h2>\n\n\n\n<p>62 &#8211; 80\u20ac<\/p>\n\n\n\n<div class=\"wp-block-columns is-layout-flex wp-container-core-columns-is-layout-9d6595d7 wp-block-columns-is-layout-flex\">\n<div class=\"wp-block-column is-layout-flow wp-block-column-is-layout-flow\" style=\"flex-basis:50%\">\n<p>C&rsquo;est vous qui choisissez le montant que vous pouvez et voulez donner. Nous aimons donner cette marge afin que ceux qui ont plus puissent soutenir ceux qui ne peuvent pas donner autant. Cependant, l&rsquo;argent ne devrait pas \u00eatre un probl\u00e8me pour participer, contactez-nous si c&rsquo;est le cas et nous trouverons une solution ensemble.<\/p>\n<\/div>\n\n\n\n<div class=\"wp-block-column is-layout-flow wp-block-column-is-layout-flow\" style=\"flex-basis:50%\">\n<p>You may choose, how much you can and want to give. We like to give this margin, so that those who have more can support those, who cannot give so much. Still, money should not be a problem to participate, contact us if that would be the case and we will find a solution together.<\/p>\n<\/div>\n<\/div>\n","protected":false},"excerpt":{"rendered":"<p>Un mini week-end dans notre monast\u00e8re avec d&rsquo;autres jeunes<\/p>\n","protected":false},"featured_media":62621,"menu_order":0,"template":"","meta":{"_acf_changed":false,"footnotes":""},"prop-category":[9],"prop-duration":[],"class_list":["post-62672","proposition","type-proposition","status-publish","has-post-thumbnail","hentry","prop-category-18-30-ans"],"acf":[],"yoast_head":"<!-- This site is optimized with the Yoast SEO plugin v27.5 - https:\/\/yoast.com\/product\/yoast-seo-wordpress\/ -->\n<title>LISTEN to God&#039;s voice - Chemin Neuf Belgique<\/title>\n<meta name=\"description\" content=\"Un mini week-end dans notre monast\u00e8re avec d&#039;autres jeunes\" \/>\n<meta name=\"robots\" content=\"index, follow, max-snippet:-1, max-image-preview:large, max-video-preview:-1\" \/>\n<link rel=\"canonical\" href=\"https:\/\/www.chemin-neuf.be\/fr\/evenement\/listen-to-gods-voice\/\" \/>\n<meta property=\"og:locale\" content=\"fr_FR\" \/>\n<meta property=\"og:type\" content=\"article\" \/>\n<meta property=\"og:title\" content=\"LISTEN to God&#039;s voice - Chemin Neuf Belgique\" \/>\n<meta property=\"og:description\" content=\"Un mini week-end dans notre monast\u00e8re avec d&#039;autres jeunes\" \/>\n<meta property=\"og:url\" content=\"https:\/\/www.chemin-neuf.be\/fr\/evenement\/listen-to-gods-voice\/\" \/>\n<meta property=\"og:site_name\" content=\"Chemin Neuf Belgique\" \/>\n<meta property=\"article:modified_time\" content=\"2025-01-13T10:34:56+00:00\" \/>\n<meta property=\"og:image\" content=\"https:\/\/www.chemin-neuf.be\/wp-content\/uploads\/2024\/09\/Banner-Luisteren-naar-God-scaled-1.jpg\" \/>\n\t<meta property=\"og:image:width\" content=\"1920\" \/>\n\t<meta property=\"og:image:height\" content=\"1097\" \/>\n\t<meta property=\"og:image:type\" content=\"image\/jpeg\" \/>\n<meta name=\"twitter:card\" content=\"summary_large_image\" \/>\n<meta name=\"twitter:label1\" content=\"Dur\u00e9e de lecture est.\" \/>\n\t<meta name=\"twitter:data1\" content=\"3 minutes\" \/>\n<script type=\"application\/ld+json\" class=\"yoast-schema-graph\">{\"@context\":\"https:\\\/\\\/schema.org\",\"@graph\":[{\"@type\":\"WebPage\",\"@id\":\"https:\\\/\\\/www.chemin-neuf.be\\\/fr\\\/evenement\\\/listen-to-gods-voice\\\/\",\"url\":\"https:\\\/\\\/www.chemin-neuf.be\\\/fr\\\/evenement\\\/listen-to-gods-voice\\\/\",\"name\":\"LISTEN to God's voice - Chemin Neuf Belgique\",\"isPartOf\":{\"@id\":\"https:\\\/\\\/www.chemin-neuf.be\\\/fr\\\/#website\"},\"primaryImageOfPage\":{\"@id\":\"https:\\\/\\\/www.chemin-neuf.be\\\/fr\\\/evenement\\\/listen-to-gods-voice\\\/#primaryimage\"},\"image\":{\"@id\":\"https:\\\/\\\/www.chemin-neuf.be\\\/fr\\\/evenement\\\/listen-to-gods-voice\\\/#primaryimage\"},\"thumbnailUrl\":\"https:\\\/\\\/www.chemin-neuf.be\\\/wp-content\\\/uploads\\\/2024\\\/09\\\/Banner-Luisteren-naar-God-scaled-1.jpg\",\"datePublished\":\"2024-09-26T16:08:30+00:00\",\"dateModified\":\"2025-01-13T10:34:56+00:00\",\"description\":\"Un mini week-end dans notre monast\u00e8re avec d'autres jeunes\",\"breadcrumb\":{\"@id\":\"https:\\\/\\\/www.chemin-neuf.be\\\/fr\\\/evenement\\\/listen-to-gods-voice\\\/#breadcrumb\"},\"inLanguage\":\"fr-BE\",\"potentialAction\":[{\"@type\":\"ReadAction\",\"target\":[\"https:\\\/\\\/www.chemin-neuf.be\\\/fr\\\/evenement\\\/listen-to-gods-voice\\\/\"]}]},{\"@type\":\"ImageObject\",\"inLanguage\":\"fr-BE\",\"@id\":\"https:\\\/\\\/www.chemin-neuf.be\\\/fr\\\/evenement\\\/listen-to-gods-voice\\\/#primaryimage\",\"url\":\"https:\\\/\\\/www.chemin-neuf.be\\\/wp-content\\\/uploads\\\/2024\\\/09\\\/Banner-Luisteren-naar-God-scaled-1.jpg\",\"contentUrl\":\"https:\\\/\\\/www.chemin-neuf.be\\\/wp-content\\\/uploads\\\/2024\\\/09\\\/Banner-Luisteren-naar-God-scaled-1.jpg\",\"width\":1920,\"height\":1097},{\"@type\":\"BreadcrumbList\",\"@id\":\"https:\\\/\\\/www.chemin-neuf.be\\\/fr\\\/evenement\\\/listen-to-gods-voice\\\/#breadcrumb\",\"itemListElement\":[{\"@type\":\"ListItem\",\"position\":1,\"name\":\"Home\",\"item\":\"https:\\\/\\\/www.chemin-neuf.be\\\/fr\\\/\"},{\"@type\":\"ListItem\",\"position\":2,\"name\":\"Propositions\",\"item\":\"https:\\\/\\\/www.chemin-neuf.be\\\/fr\\\/evenement\\\/\"},{\"@type\":\"ListItem\",\"position\":3,\"name\":\"LISTEN to God&rsquo;s voice\"}]},{\"@type\":\"WebSite\",\"@id\":\"https:\\\/\\\/www.chemin-neuf.be\\\/fr\\\/#website\",\"url\":\"https:\\\/\\\/www.chemin-neuf.be\\\/fr\\\/\",\"name\":\"Chemin Neuf Belgique\",\"description\":\"Communaut\u00e9 du Chemin Neuf en Belgique\",\"potentialAction\":[{\"@type\":\"SearchAction\",\"target\":{\"@type\":\"EntryPoint\",\"urlTemplate\":\"https:\\\/\\\/www.chemin-neuf.be\\\/fr\\\/?s={search_term_string}\"},\"query-input\":{\"@type\":\"PropertyValueSpecification\",\"valueRequired\":true,\"valueName\":\"search_term_string\"}}],\"inLanguage\":\"fr-BE\"}]}<\/script>\n<!-- \/ Yoast SEO plugin. -->","yoast_head_json":{"title":"LISTEN to God's voice - Chemin Neuf Belgique","description":"Un mini week-end dans notre monast\u00e8re avec d'autres jeunes","robots":{"index":"index","follow":"follow","max-snippet":"max-snippet:-1","max-image-preview":"max-image-preview:large","max-video-preview":"max-video-preview:-1"},"canonical":"https:\/\/www.chemin-neuf.be\/fr\/evenement\/listen-to-gods-voice\/","og_locale":"fr_FR","og_type":"article","og_title":"LISTEN to God's voice - Chemin Neuf Belgique","og_description":"Un mini week-end dans notre monast\u00e8re avec d'autres jeunes","og_url":"https:\/\/www.chemin-neuf.be\/fr\/evenement\/listen-to-gods-voice\/","og_site_name":"Chemin Neuf Belgique","article_modified_time":"2025-01-13T10:34:56+00:00","og_image":[{"width":1920,"height":1097,"url":"https:\/\/www.chemin-neuf.be\/wp-content\/uploads\/2024\/09\/Banner-Luisteren-naar-God-scaled-1.jpg","type":"image\/jpeg"}],"twitter_card":"summary_large_image","twitter_misc":{"Dur\u00e9e de lecture est.":"3 minutes"},"schema":{"@context":"https:\/\/schema.org","@graph":[{"@type":"WebPage","@id":"https:\/\/www.chemin-neuf.be\/fr\/evenement\/listen-to-gods-voice\/","url":"https:\/\/www.chemin-neuf.be\/fr\/evenement\/listen-to-gods-voice\/","name":"LISTEN to God's voice - Chemin Neuf Belgique","isPartOf":{"@id":"https:\/\/www.chemin-neuf.be\/fr\/#website"},"primaryImageOfPage":{"@id":"https:\/\/www.chemin-neuf.be\/fr\/evenement\/listen-to-gods-voice\/#primaryimage"},"image":{"@id":"https:\/\/www.chemin-neuf.be\/fr\/evenement\/listen-to-gods-voice\/#primaryimage"},"thumbnailUrl":"https:\/\/www.chemin-neuf.be\/wp-content\/uploads\/2024\/09\/Banner-Luisteren-naar-God-scaled-1.jpg","datePublished":"2024-09-26T16:08:30+00:00","dateModified":"2025-01-13T10:34:56+00:00","description":"Un mini week-end dans notre monast\u00e8re avec d'autres jeunes","breadcrumb":{"@id":"https:\/\/www.chemin-neuf.be\/fr\/evenement\/listen-to-gods-voice\/#breadcrumb"},"inLanguage":"fr-BE","potentialAction":[{"@type":"ReadAction","target":["https:\/\/www.chemin-neuf.be\/fr\/evenement\/listen-to-gods-voice\/"]}]},{"@type":"ImageObject","inLanguage":"fr-BE","@id":"https:\/\/www.chemin-neuf.be\/fr\/evenement\/listen-to-gods-voice\/#primaryimage","url":"https:\/\/www.chemin-neuf.be\/wp-content\/uploads\/2024\/09\/Banner-Luisteren-naar-God-scaled-1.jpg","contentUrl":"https:\/\/www.chemin-neuf.be\/wp-content\/uploads\/2024\/09\/Banner-Luisteren-naar-God-scaled-1.jpg","width":1920,"height":1097},{"@type":"BreadcrumbList","@id":"https:\/\/www.chemin-neuf.be\/fr\/evenement\/listen-to-gods-voice\/#breadcrumb","itemListElement":[{"@type":"ListItem","position":1,"name":"Home","item":"https:\/\/www.chemin-neuf.be\/fr\/"},{"@type":"ListItem","position":2,"name":"Propositions","item":"https:\/\/www.chemin-neuf.be\/fr\/evenement\/"},{"@type":"ListItem","position":3,"name":"LISTEN to God&rsquo;s voice"}]},{"@type":"WebSite","@id":"https:\/\/www.chemin-neuf.be\/fr\/#website","url":"https:\/\/www.chemin-neuf.be\/fr\/","name":"Chemin Neuf Belgique","description":"Communaut\u00e9 du Chemin Neuf en Belgique","potentialAction":[{"@type":"SearchAction","target":{"@type":"EntryPoint","urlTemplate":"https:\/\/www.chemin-neuf.be\/fr\/?s={search_term_string}"},"query-input":{"@type":"PropertyValueSpecification","valueRequired":true,"valueName":"search_term_string"}}],"inLanguage":"fr-BE"}]}},"_links":{"self":[{"href":"https:\/\/www.chemin-neuf.be\/fr\/wp-json\/wp\/v2\/proposition\/62672","targetHints":{"allow":["GET"]}}],"collection":[{"href":"https:\/\/www.chemin-neuf.be\/fr\/wp-json\/wp\/v2\/proposition"}],"about":[{"href":"https:\/\/www.chemin-neuf.be\/fr\/wp-json\/wp\/v2\/types\/proposition"}],"version-history":[{"count":5,"href":"https:\/\/www.chemin-neuf.be\/fr\/wp-json\/wp\/v2\/proposition\/62672\/revisions"}],"predecessor-version":[{"id":65499,"href":"https:\/\/www.chemin-neuf.be\/fr\/wp-json\/wp\/v2\/proposition\/62672\/revisions\/65499"}],"wp:featuredmedia":[{"embeddable":true,"href":"https:\/\/www.chemin-neuf.be\/fr\/wp-json\/wp\/v2\/media\/62621"}],"wp:attachment":[{"href":"https:\/\/www.chemin-neuf.be\/fr\/wp-json\/wp\/v2\/media?parent=62672"}],"wp:term":[{"taxonomy":"prop-category","embeddable":true,"href":"https:\/\/www.chemin-neuf.be\/fr\/wp-json\/wp\/v2\/prop-category?post=62672"},{"taxonomy":"prop-duration","embeddable":true,"href":"https:\/\/www.chemin-neuf.be\/fr\/wp-json\/wp\/v2\/prop-duration?post=62672"}],"curies":[{"name":"wp","href":"https:\/\/api.w.org\/{rel}","templated":true}]}}

<h2 class="wp-block-heading"><i class="fas fa-file-alt ccn-fa-icon" aria-hidden="true"> </i>Proposition/ PROPOSAL</h2>



<div class="wp-block-columns is-layout-flex wp-container-core-columns-is-layout-9d6595d7 wp-block-columns-is-layout-flex">
<div class="wp-block-column is-layout-flow wp-block-column-is-layout-flow">
<h3 class="wp-block-heading">Français</h3>



<p>Vous êtes-vous déjà demandé à quoi ressemblait la voix de Dieu ? La Bible nous raconte de nombreuses histoires de personnes qui ont entendu la voix de Dieu, comme les prophètes ou les apôtres, par exemple. Aujourd&rsquo;hui encore, il est possible d&rsquo;entendre la voix de Dieu, mais l&rsquo;écoutons-nous vraiment ? Comment pouvons-nous nous ouvrir pour l&rsquo;entendre vraiment ?</p>



<p>Ce week-end, nous voulons partir ensemble à la découverte de la voix de Dieu et apprendre à l&rsquo;écouter. Nous voulons apprendre à reconnaître sa voix qui, même si elle ne parvient pas à nos oreilles de manière acoustique, peut pénétrer dans nos cœurs.</p>



<p>A l&rsquo;aide d&rsquo;introductions et d&rsquo;ateliers, nous en apprendrons toujours plus sur la voix de Dieu, en partageant avec d&rsquo;autres, nous pourrons apprendre les uns des autres et surtout nous prendrons des temps de prière, pour travailler concrètement à la compréhension de sa voix.</p>
</div>



<div class="wp-block-column is-layout-flow wp-block-column-is-layout-flow">
<h3 class="wp-block-heading">English</h3>



<p>Have you ever wondered what God&rsquo;s voice sounds like? The Bible tells us many stories of people who heard God&rsquo;s voice, such as the prophets or apostles, for example. And even today it is possible to hear God&rsquo;s voice, but are we actually listening? How can we open up to really hear Him?</p>



<p>In this weekend we want to go on a journey of discovery together and learn to listen to and recognize God&rsquo;s voice. Even if it does not reach our ears acoustically, that it can still penetrate our hearts.</p>



<p>With introductions and workshops we will form ourselves, through sharing with the others we can learn from each other and we will certainly also take times of prayer, to work concretely on hearing His voice.</p>
</div>
</div>



<h2 class="wp-block-heading"><i class="fas fa-piggy-bank ccn-fa-icon" aria-hidden="true"> </i> PRIX/ COSTS</h2>



<p>62 &#8211; 80€</p>



<div class="wp-block-columns is-layout-flex wp-container-core-columns-is-layout-9d6595d7 wp-block-columns-is-layout-flex">
<div class="wp-block-column is-layout-flow wp-block-column-is-layout-flow" style="flex-basis:50%">
<p>C&rsquo;est vous qui choisissez le montant que vous pouvez et voulez donner. Nous aimons donner cette marge afin que ceux qui ont plus puissent soutenir ceux qui ne peuvent pas donner autant. Cependant, l&rsquo;argent ne devrait pas être un problème pour participer, contactez-nous si c&rsquo;est le cas et nous trouverons une solution ensemble.</p>
</div>



<div class="wp-block-column is-layout-flow wp-block-column-is-layout-flow" style="flex-basis:50%">
<p>You may choose, how much you can and want to give. We like to give this margin, so that those who have more can support those, who cannot give so much. Still, money should not be a problem to participate, contact us if that would be the case and we will find a solution together.</p>
</div>
</div>

<p>Un mini week-end dans notre monastère avec d&rsquo;autres jeunes</p>

<!-- This site is optimized with the Yoast SEO plugin v27.5 - https://yoast.com/product/yoast-seo-wordpress/ -->
<title>LISTEN to God&#039;s voice - Chemin Neuf Belgique</title>
<meta name="description" content="Un mini week-end dans notre monastère avec d&#039;autres jeunes" />
<meta name="robots" content="index, follow, max-snippet:-1, max-image-preview:large, max-video-preview:-1" />
<link rel="canonical" href="https://www.chemin-neuf.be/fr/evenement/listen-to-gods-voice/" />
<meta property="og:locale" content="fr_FR" />
<meta property="og:type" content="article" />
<meta property="og:title" content="LISTEN to God&#039;s voice - Chemin Neuf Belgique" />
<meta property="og:description" content="Un mini week-end dans notre monastère avec d&#039;autres jeunes" />
<meta property="og:url" content="https://www.chemin-neuf.be/fr/evenement/listen-to-gods-voice/" />
<meta property="og:site_name" content="Chemin Neuf Belgique" />
<meta property="article:modified_time" content="2025-01-13T10:34:56+00:00" />
<meta property="og:image" content="https://www.chemin-neuf.be/wp-content/uploads/2024/09/Banner-Luisteren-naar-God-scaled-1.jpg" />
	<meta property="og:image:width" content="1920" />
	<meta property="og:image:height" content="1097" />
	<meta property="og:image:type" content="image/jpeg" />
<meta name="twitter:card" content="summary_large_image" />
<meta name="twitter:label1" content="Durée de lecture est." />
	<meta name="twitter:data1" content="3 minutes" />
<script type="application/ld+json" class="yoast-schema-graph">{"@context":"https:\/\/schema.org","@graph":[{"@type":"WebPage","@id":"https:\/\/www.chemin-neuf.be\/fr\/evenement\/listen-to-gods-voice\/","url":"https:\/\/www.chemin-neuf.be\/fr\/evenement\/listen-to-gods-voice\/","name":"LISTEN to God's voice - Chemin Neuf Belgique","isPartOf":{"@id":"https:\/\/www.chemin-neuf.be\/fr\/#website"},"primaryImageOfPage":{"@id":"https:\/\/www.chemin-neuf.be\/fr\/evenement\/listen-to-gods-voice\/#primaryimage"},"image":{"@id":"https:\/\/www.chemin-neuf.be\/fr\/evenement\/listen-to-gods-voice\/#primaryimage"},"thumbnailUrl":"https:\/\/www.chemin-neuf.be\/wp-content\/uploads\/2024\/09\/Banner-Luisteren-naar-God-scaled-1.jpg","datePublished":"2024-09-26T16:08:30+00:00","dateModified":"2025-01-13T10:34:56+00:00","description":"Un mini week-end dans notre monastère avec d'autres jeunes","breadcrumb":{"@id":"https:\/\/www.chemin-neuf.be\/fr\/evenement\/listen-to-gods-voice\/#breadcrumb"},"inLanguage":"fr-BE","potentialAction":[{"@type":"ReadAction","target":["https:\/\/www.chemin-neuf.be\/fr\/evenement\/listen-to-gods-voice\/"]}]},{"@type":"ImageObject","inLanguage":"fr-BE","@id":"https:\/\/www.chemin-neuf.be\/fr\/evenement\/listen-to-gods-voice\/#primaryimage","url":"https:\/\/www.chemin-neuf.be\/wp-content\/uploads\/2024\/09\/Banner-Luisteren-naar-God-scaled-1.jpg","contentUrl":"https:\/\/www.chemin-neuf.be\/wp-content\/uploads\/2024\/09\/Banner-Luisteren-naar-God-scaled-1.jpg","width":1920,"height":1097},{"@type":"BreadcrumbList","@id":"https:\/\/www.chemin-neuf.be\/fr\/evenement\/listen-to-gods-voice\/#breadcrumb","itemListElement":[{"@type":"ListItem","position":1,"name":"Home","item":"https:\/\/www.chemin-neuf.be\/fr\/"},{"@type":"ListItem","position":2,"name":"Propositions","item":"https:\/\/www.chemin-neuf.be\/fr\/evenement\/"},{"@type":"ListItem","position":3,"name":"LISTEN to God&rsquo;s voice"}]},{"@type":"WebSite","@id":"https:\/\/www.chemin-neuf.be\/fr\/#website","url":"https:\/\/www.chemin-neuf.be\/fr\/","name":"Chemin Neuf Belgique","description":"Communauté du Chemin Neuf en Belgique","potentialAction":[{"@type":"SearchAction","target":{"@type":"EntryPoint","urlTemplate":"https:\/\/www.chemin-neuf.be\/fr\/?s={search_term_string}"},"query-input":{"@type":"PropertyValueSpecification","valueRequired":true,"valueName":"search_term_string"}}],"inLanguage":"fr-BE"}]}</script>
<!-- / Yoast SEO plugin. -->

Un mini week-end dans notre monastère avec d'autres jeunes

Communauté du Chemin Neuf en Belgique
