{"id":62665,"date":"2024-09-26T17:59:38","date_gmt":"2024-09-26T15:59:38","guid":{"rendered":"https:\/\/www.chemin-neuf.be\/?post_type=proposition&#038;p=62665"},"modified":"2024-09-26T18:19:28","modified_gmt":"2024-09-26T16:19:28","slug":"inner-freedom","status":"publish","type":"proposition","link":"https:\/\/www.chemin-neuf.be\/fr\/evenement\/inner-freedom\/","title":{"rendered":"Inner Freedom"},"content":{"rendered":"\n<h2 class=\"wp-block-heading\"><i class=\"fas fa-file-alt ccn-fa-icon\" aria-hidden=\"true\"> <\/i>Proposition\/ PROPOSAL<\/h2>\n\n\n\n<div class=\"wp-block-columns is-layout-flex wp-container-core-columns-is-layout-9d6595d7 wp-block-columns-is-layout-flex\">\n<div class=\"wp-block-column is-layout-flow wp-block-column-is-layout-flow\">\n<h3 class=\"wp-block-heading\">Fran\u00e7ais<\/h3>\n\n\n\n<p>Nous vivons \u00e0 une \u00e9poque o\u00f9 beaucoup de choses sont possibles : quel est mon but dans la vie, o\u00f9 vais-je vivre ou voyager, avec qui suis-je ami et avec qui veux-je partager ma vie.&nbsp; \u00c0 premi\u00e8re vue nous avons beaucoup de libert\u00e9, mais avons-nous la libert\u00e9 int\u00e9rieure de choisir ce qui est vraiment bon pour nous-m\u00eames et pour les autres ?<\/p>\n\n\n\n<p>Il y a beaucoup de choses qui peuvent nous freiner. Souvent, pour diverses raisons, nous ne sommes pas compl\u00e8tement libres dans nos relations. Alors, comment est-il possible d&rsquo;\u00eatre plus libre et d&rsquo;\u00eatre davantage la personne que Dieu aime ?<\/p>\n\n\n\n<p>Nous voulons prendre le temps, au cours de ce week-end, d&rsquo;aborder ensemble cette question de la libert\u00e9 int\u00e9rieure. Gr\u00e2ce \u00e0 divers ateliers, introductions, partages et temps de pri\u00e8re, nous pourrons d\u00e9couvrir o\u00f9 nous en sommes actuellement dans notre libert\u00e9 int\u00e9rieure. Gr\u00e2ce \u00e0 la lumi\u00e8re de Dieu, nous serons en mesure de faire le prochain pas et de briser certaines des cha\u00eenes qui nous retiennent.<\/p>\n\n\n\n<p><\/p>\n<\/div>\n\n\n\n<div class=\"wp-block-column is-layout-flow wp-block-column-is-layout-flow\">\n<h3 class=\"wp-block-heading\">English<\/h3>\n\n\n\n<p>We live in a time of various possibilities, what to do in life, where to live or to travel,&nbsp;<\/p>\n\n\n\n<p>whom to be friends with and share life with, a lot of exterior freedom. But do we have the inner freedom to choose what is actually good for us and for others?<\/p>\n\n\n\n<p>There are many things that can keep us attached. Often we are not completely free in our relationships because of various reasons. So how is it possible to be more free, more the person God intended me to be?<\/p>\n\n\n\n<p>We want to take a weekend to approach this question of inner freedom together. With different workshops, teachings, sharing and prayer times we can discover where we are right now with our inner freedom. With the light of God, we are enabled to take a Next Step and break some chains that hold us.<\/p>\n\n\n\n<p><\/p>\n\n\n\n<p><\/p>\n<\/div>\n<\/div>\n\n\n\n<h2 class=\"wp-block-heading\"><i class=\"fas fa-piggy-bank ccn-fa-icon\" aria-hidden=\"true\"> <\/i> PRIX\/ COSTS<\/h2>\n\n\n\n<p>62-80\u20ac<\/p>\n\n\n\n<div class=\"wp-block-columns is-layout-flex wp-container-core-columns-is-layout-9d6595d7 wp-block-columns-is-layout-flex\">\n<div class=\"wp-block-column is-layout-flow wp-block-column-is-layout-flow\" style=\"flex-basis:50%\">\n<p>C&rsquo;est vous qui choisissez le montant que vous pouvez et voulez donner. Nous aimons donner cette marge afin que ceux qui ont plus puissent soutenir ceux qui ne peuvent pas donner autant. Cependant, l&rsquo;argent ne devrait pas \u00eatre un probl\u00e8me pour participer, contactez-nous si c&rsquo;est le cas et nous trouverons une solution ensemble.<\/p>\n<\/div>\n\n\n\n<div class=\"wp-block-column is-layout-flow wp-block-column-is-layout-flow\" style=\"flex-basis:50%\">\n<p>You may choose, how much you can and want to give. We like to give this margin, so that those who have more can support those, who cannot give so much. Still, money should not be a problem to participate, contact us if that would be the case and we will find a solution together.<\/p>\n<\/div>\n<\/div>\n","protected":false},"excerpt":{"rendered":"<p>Un mini week-end dans notre monast\u00e8re avec d&rsquo;autres jeunes<\/p>\n","protected":false},"featured_media":62603,"menu_order":0,"template":"","meta":{"_acf_changed":false,"footnotes":""},"prop-category":[9],"prop-duration":[],"class_list":["post-62665","proposition","type-proposition","status-publish","has-post-thumbnail","hentry","prop-category-18-30-ans"],"acf":[],"yoast_head":"<!-- This site is optimized with the Yoast SEO plugin v27.5 - https:\/\/yoast.com\/product\/yoast-seo-wordpress\/ -->\n<title>Inner Freedom - Chemin Neuf Belgique<\/title>\n<meta name=\"description\" content=\"Un mini week-end dans notre monast\u00e8re avec d&#039;autres jeunes\" \/>\n<meta name=\"robots\" content=\"index, follow, max-snippet:-1, max-image-preview:large, max-video-preview:-1\" \/>\n<link rel=\"canonical\" href=\"https:\/\/www.chemin-neuf.be\/fr\/evenement\/inner-freedom\/\" \/>\n<meta property=\"og:locale\" content=\"fr_FR\" \/>\n<meta property=\"og:type\" content=\"article\" \/>\n<meta property=\"og:title\" content=\"Inner Freedom - Chemin Neuf Belgique\" \/>\n<meta property=\"og:description\" content=\"Un mini week-end dans notre monast\u00e8re avec d&#039;autres jeunes\" \/>\n<meta property=\"og:url\" content=\"https:\/\/www.chemin-neuf.be\/fr\/evenement\/inner-freedom\/\" \/>\n<meta property=\"og:site_name\" content=\"Chemin Neuf Belgique\" \/>\n<meta property=\"article:modified_time\" content=\"2024-09-26T16:19:28+00:00\" \/>\n<meta property=\"og:image\" content=\"https:\/\/erbbbfbm7du.exactdn.com\/wp-content\/uploads\/2024\/09\/r2njpbeyusq.jpg?strip=all&lossy=1&ssl=1\" \/>\n\t<meta property=\"og:image:width\" content=\"1328\" \/>\n\t<meta property=\"og:image:height\" content=\"1200\" \/>\n\t<meta property=\"og:image:type\" content=\"image\/jpeg\" \/>\n<meta name=\"twitter:card\" content=\"summary_large_image\" \/>\n<meta name=\"twitter:label1\" content=\"Dur\u00e9e de lecture est.\" \/>\n\t<meta name=\"twitter:data1\" content=\"3 minutes\" \/>\n<script type=\"application\/ld+json\" class=\"yoast-schema-graph\">{\"@context\":\"https:\\\/\\\/schema.org\",\"@graph\":[{\"@type\":\"WebPage\",\"@id\":\"https:\\\/\\\/www.chemin-neuf.be\\\/fr\\\/evenement\\\/inner-freedom\\\/\",\"url\":\"https:\\\/\\\/www.chemin-neuf.be\\\/fr\\\/evenement\\\/inner-freedom\\\/\",\"name\":\"Inner Freedom - Chemin Neuf Belgique\",\"isPartOf\":{\"@id\":\"https:\\\/\\\/www.chemin-neuf.be\\\/fr\\\/#website\"},\"primaryImageOfPage\":{\"@id\":\"https:\\\/\\\/www.chemin-neuf.be\\\/fr\\\/evenement\\\/inner-freedom\\\/#primaryimage\"},\"image\":{\"@id\":\"https:\\\/\\\/www.chemin-neuf.be\\\/fr\\\/evenement\\\/inner-freedom\\\/#primaryimage\"},\"thumbnailUrl\":\"https:\\\/\\\/www.chemin-neuf.be\\\/wp-content\\\/uploads\\\/2024\\\/09\\\/r2njpbeyusq.jpg\",\"datePublished\":\"2024-09-26T15:59:38+00:00\",\"dateModified\":\"2024-09-26T16:19:28+00:00\",\"description\":\"Un mini week-end dans notre monast\u00e8re avec d'autres jeunes\",\"breadcrumb\":{\"@id\":\"https:\\\/\\\/www.chemin-neuf.be\\\/fr\\\/evenement\\\/inner-freedom\\\/#breadcrumb\"},\"inLanguage\":\"fr-BE\",\"potentialAction\":[{\"@type\":\"ReadAction\",\"target\":[\"https:\\\/\\\/www.chemin-neuf.be\\\/fr\\\/evenement\\\/inner-freedom\\\/\"]}]},{\"@type\":\"ImageObject\",\"inLanguage\":\"fr-BE\",\"@id\":\"https:\\\/\\\/www.chemin-neuf.be\\\/fr\\\/evenement\\\/inner-freedom\\\/#primaryimage\",\"url\":\"https:\\\/\\\/www.chemin-neuf.be\\\/wp-content\\\/uploads\\\/2024\\\/09\\\/r2njpbeyusq.jpg\",\"contentUrl\":\"https:\\\/\\\/www.chemin-neuf.be\\\/wp-content\\\/uploads\\\/2024\\\/09\\\/r2njpbeyusq.jpg\",\"width\":1328,\"height\":1200},{\"@type\":\"BreadcrumbList\",\"@id\":\"https:\\\/\\\/www.chemin-neuf.be\\\/fr\\\/evenement\\\/inner-freedom\\\/#breadcrumb\",\"itemListElement\":[{\"@type\":\"ListItem\",\"position\":1,\"name\":\"Home\",\"item\":\"https:\\\/\\\/www.chemin-neuf.be\\\/fr\\\/\"},{\"@type\":\"ListItem\",\"position\":2,\"name\":\"Propositions\",\"item\":\"https:\\\/\\\/www.chemin-neuf.be\\\/fr\\\/evenement\\\/\"},{\"@type\":\"ListItem\",\"position\":3,\"name\":\"Inner Freedom\"}]},{\"@type\":\"WebSite\",\"@id\":\"https:\\\/\\\/www.chemin-neuf.be\\\/fr\\\/#website\",\"url\":\"https:\\\/\\\/www.chemin-neuf.be\\\/fr\\\/\",\"name\":\"Chemin Neuf Belgique\",\"description\":\"Communaut\u00e9 du Chemin Neuf en Belgique\",\"potentialAction\":[{\"@type\":\"SearchAction\",\"target\":{\"@type\":\"EntryPoint\",\"urlTemplate\":\"https:\\\/\\\/www.chemin-neuf.be\\\/fr\\\/?s={search_term_string}\"},\"query-input\":{\"@type\":\"PropertyValueSpecification\",\"valueRequired\":true,\"valueName\":\"search_term_string\"}}],\"inLanguage\":\"fr-BE\"}]}<\/script>\n<!-- \/ Yoast SEO plugin. -->","yoast_head_json":{"title":"Inner Freedom - Chemin Neuf Belgique","description":"Un mini week-end dans notre monast\u00e8re avec d'autres jeunes","robots":{"index":"index","follow":"follow","max-snippet":"max-snippet:-1","max-image-preview":"max-image-preview:large","max-video-preview":"max-video-preview:-1"},"canonical":"https:\/\/www.chemin-neuf.be\/fr\/evenement\/inner-freedom\/","og_locale":"fr_FR","og_type":"article","og_title":"Inner Freedom - Chemin Neuf Belgique","og_description":"Un mini week-end dans notre monast\u00e8re avec d'autres jeunes","og_url":"https:\/\/www.chemin-neuf.be\/fr\/evenement\/inner-freedom\/","og_site_name":"Chemin Neuf Belgique","article_modified_time":"2024-09-26T16:19:28+00:00","og_image":[{"width":1328,"height":1200,"url":"https:\/\/erbbbfbm7du.exactdn.com\/wp-content\/uploads\/2024\/09\/r2njpbeyusq.jpg?strip=all&lossy=1&ssl=1","type":"image\/jpeg"}],"twitter_card":"summary_large_image","twitter_misc":{"Dur\u00e9e de lecture est.":"3 minutes"},"schema":{"@context":"https:\/\/schema.org","@graph":[{"@type":"WebPage","@id":"https:\/\/www.chemin-neuf.be\/fr\/evenement\/inner-freedom\/","url":"https:\/\/www.chemin-neuf.be\/fr\/evenement\/inner-freedom\/","name":"Inner Freedom - Chemin Neuf Belgique","isPartOf":{"@id":"https:\/\/www.chemin-neuf.be\/fr\/#website"},"primaryImageOfPage":{"@id":"https:\/\/www.chemin-neuf.be\/fr\/evenement\/inner-freedom\/#primaryimage"},"image":{"@id":"https:\/\/www.chemin-neuf.be\/fr\/evenement\/inner-freedom\/#primaryimage"},"thumbnailUrl":"https:\/\/www.chemin-neuf.be\/wp-content\/uploads\/2024\/09\/r2njpbeyusq.jpg","datePublished":"2024-09-26T15:59:38+00:00","dateModified":"2024-09-26T16:19:28+00:00","description":"Un mini week-end dans notre monast\u00e8re avec d'autres jeunes","breadcrumb":{"@id":"https:\/\/www.chemin-neuf.be\/fr\/evenement\/inner-freedom\/#breadcrumb"},"inLanguage":"fr-BE","potentialAction":[{"@type":"ReadAction","target":["https:\/\/www.chemin-neuf.be\/fr\/evenement\/inner-freedom\/"]}]},{"@type":"ImageObject","inLanguage":"fr-BE","@id":"https:\/\/www.chemin-neuf.be\/fr\/evenement\/inner-freedom\/#primaryimage","url":"https:\/\/www.chemin-neuf.be\/wp-content\/uploads\/2024\/09\/r2njpbeyusq.jpg","contentUrl":"https:\/\/www.chemin-neuf.be\/wp-content\/uploads\/2024\/09\/r2njpbeyusq.jpg","width":1328,"height":1200},{"@type":"BreadcrumbList","@id":"https:\/\/www.chemin-neuf.be\/fr\/evenement\/inner-freedom\/#breadcrumb","itemListElement":[{"@type":"ListItem","position":1,"name":"Home","item":"https:\/\/www.chemin-neuf.be\/fr\/"},{"@type":"ListItem","position":2,"name":"Propositions","item":"https:\/\/www.chemin-neuf.be\/fr\/evenement\/"},{"@type":"ListItem","position":3,"name":"Inner Freedom"}]},{"@type":"WebSite","@id":"https:\/\/www.chemin-neuf.be\/fr\/#website","url":"https:\/\/www.chemin-neuf.be\/fr\/","name":"Chemin Neuf Belgique","description":"Communaut\u00e9 du Chemin Neuf en Belgique","potentialAction":[{"@type":"SearchAction","target":{"@type":"EntryPoint","urlTemplate":"https:\/\/www.chemin-neuf.be\/fr\/?s={search_term_string}"},"query-input":{"@type":"PropertyValueSpecification","valueRequired":true,"valueName":"search_term_string"}}],"inLanguage":"fr-BE"}]}},"_links":{"self":[{"href":"https:\/\/www.chemin-neuf.be\/fr\/wp-json\/wp\/v2\/proposition\/62665","targetHints":{"allow":["GET"]}}],"collection":[{"href":"https:\/\/www.chemin-neuf.be\/fr\/wp-json\/wp\/v2\/proposition"}],"about":[{"href":"https:\/\/www.chemin-neuf.be\/fr\/wp-json\/wp\/v2\/types\/proposition"}],"version-history":[{"count":3,"href":"https:\/\/www.chemin-neuf.be\/fr\/wp-json\/wp\/v2\/proposition\/62665\/revisions"}],"predecessor-version":[{"id":62685,"href":"https:\/\/www.chemin-neuf.be\/fr\/wp-json\/wp\/v2\/proposition\/62665\/revisions\/62685"}],"wp:featuredmedia":[{"embeddable":true,"href":"https:\/\/www.chemin-neuf.be\/fr\/wp-json\/wp\/v2\/media\/62603"}],"wp:attachment":[{"href":"https:\/\/www.chemin-neuf.be\/fr\/wp-json\/wp\/v2\/media?parent=62665"}],"wp:term":[{"taxonomy":"prop-category","embeddable":true,"href":"https:\/\/www.chemin-neuf.be\/fr\/wp-json\/wp\/v2\/prop-category?post=62665"},{"taxonomy":"prop-duration","embeddable":true,"href":"https:\/\/www.chemin-neuf.be\/fr\/wp-json\/wp\/v2\/prop-duration?post=62665"}],"curies":[{"name":"wp","href":"https:\/\/api.w.org\/{rel}","templated":true}]}}

<h2 class="wp-block-heading"><i class="fas fa-file-alt ccn-fa-icon" aria-hidden="true"> </i>Proposition/ PROPOSAL</h2>



<div class="wp-block-columns is-layout-flex wp-container-core-columns-is-layout-9d6595d7 wp-block-columns-is-layout-flex">
<div class="wp-block-column is-layout-flow wp-block-column-is-layout-flow">
<h3 class="wp-block-heading">Français</h3>



<p>Nous vivons à une époque où beaucoup de choses sont possibles : quel est mon but dans la vie, où vais-je vivre ou voyager, avec qui suis-je ami et avec qui veux-je partager ma vie.&nbsp; À première vue nous avons beaucoup de liberté, mais avons-nous la liberté intérieure de choisir ce qui est vraiment bon pour nous-mêmes et pour les autres ?</p>



<p>Il y a beaucoup de choses qui peuvent nous freiner. Souvent, pour diverses raisons, nous ne sommes pas complètement libres dans nos relations. Alors, comment est-il possible d&rsquo;être plus libre et d&rsquo;être davantage la personne que Dieu aime ?</p>



<p>Nous voulons prendre le temps, au cours de ce week-end, d&rsquo;aborder ensemble cette question de la liberté intérieure. Grâce à divers ateliers, introductions, partages et temps de prière, nous pourrons découvrir où nous en sommes actuellement dans notre liberté intérieure. Grâce à la lumière de Dieu, nous serons en mesure de faire le prochain pas et de briser certaines des chaînes qui nous retiennent.</p>



<p></p>
</div>



<div class="wp-block-column is-layout-flow wp-block-column-is-layout-flow">
<h3 class="wp-block-heading">English</h3>



<p>We live in a time of various possibilities, what to do in life, where to live or to travel,&nbsp;</p>



<p>whom to be friends with and share life with, a lot of exterior freedom. But do we have the inner freedom to choose what is actually good for us and for others?</p>



<p>There are many things that can keep us attached. Often we are not completely free in our relationships because of various reasons. So how is it possible to be more free, more the person God intended me to be?</p>



<p>We want to take a weekend to approach this question of inner freedom together. With different workshops, teachings, sharing and prayer times we can discover where we are right now with our inner freedom. With the light of God, we are enabled to take a Next Step and break some chains that hold us.</p>



<p></p>



<p></p>
</div>
</div>



<h2 class="wp-block-heading"><i class="fas fa-piggy-bank ccn-fa-icon" aria-hidden="true"> </i> PRIX/ COSTS</h2>



<p>62-80€</p>



<div class="wp-block-columns is-layout-flex wp-container-core-columns-is-layout-9d6595d7 wp-block-columns-is-layout-flex">
<div class="wp-block-column is-layout-flow wp-block-column-is-layout-flow" style="flex-basis:50%">
<p>C&rsquo;est vous qui choisissez le montant que vous pouvez et voulez donner. Nous aimons donner cette marge afin que ceux qui ont plus puissent soutenir ceux qui ne peuvent pas donner autant. Cependant, l&rsquo;argent ne devrait pas être un problème pour participer, contactez-nous si c&rsquo;est le cas et nous trouverons une solution ensemble.</p>
</div>



<div class="wp-block-column is-layout-flow wp-block-column-is-layout-flow" style="flex-basis:50%">
<p>You may choose, how much you can and want to give. We like to give this margin, so that those who have more can support those, who cannot give so much. Still, money should not be a problem to participate, contact us if that would be the case and we will find a solution together.</p>
</div>
</div>

<p>Un mini week-end dans notre monastère avec d&rsquo;autres jeunes</p>

<!-- This site is optimized with the Yoast SEO plugin v27.5 - https://yoast.com/product/yoast-seo-wordpress/ -->
<title>Inner Freedom - Chemin Neuf Belgique</title>
<meta name="description" content="Un mini week-end dans notre monastère avec d&#039;autres jeunes" />
<meta name="robots" content="index, follow, max-snippet:-1, max-image-preview:large, max-video-preview:-1" />
<link rel="canonical" href="https://www.chemin-neuf.be/fr/evenement/inner-freedom/" />
<meta property="og:locale" content="fr_FR" />
<meta property="og:type" content="article" />
<meta property="og:title" content="Inner Freedom - Chemin Neuf Belgique" />
<meta property="og:description" content="Un mini week-end dans notre monastère avec d&#039;autres jeunes" />
<meta property="og:url" content="https://www.chemin-neuf.be/fr/evenement/inner-freedom/" />
<meta property="og:site_name" content="Chemin Neuf Belgique" />
<meta property="article:modified_time" content="2024-09-26T16:19:28+00:00" />
<meta property="og:image" content="https://erbbbfbm7du.exactdn.com/wp-content/uploads/2024/09/r2njpbeyusq.jpg?strip=all&lossy=1&ssl=1" />
	<meta property="og:image:width" content="1328" />
	<meta property="og:image:height" content="1200" />
	<meta property="og:image:type" content="image/jpeg" />
<meta name="twitter:card" content="summary_large_image" />
<meta name="twitter:label1" content="Durée de lecture est." />
	<meta name="twitter:data1" content="3 minutes" />
<script type="application/ld+json" class="yoast-schema-graph">{"@context":"https:\/\/schema.org","@graph":[{"@type":"WebPage","@id":"https:\/\/www.chemin-neuf.be\/fr\/evenement\/inner-freedom\/","url":"https:\/\/www.chemin-neuf.be\/fr\/evenement\/inner-freedom\/","name":"Inner Freedom - Chemin Neuf Belgique","isPartOf":{"@id":"https:\/\/www.chemin-neuf.be\/fr\/#website"},"primaryImageOfPage":{"@id":"https:\/\/www.chemin-neuf.be\/fr\/evenement\/inner-freedom\/#primaryimage"},"image":{"@id":"https:\/\/www.chemin-neuf.be\/fr\/evenement\/inner-freedom\/#primaryimage"},"thumbnailUrl":"https:\/\/www.chemin-neuf.be\/wp-content\/uploads\/2024\/09\/r2njpbeyusq.jpg","datePublished":"2024-09-26T15:59:38+00:00","dateModified":"2024-09-26T16:19:28+00:00","description":"Un mini week-end dans notre monastère avec d'autres jeunes","breadcrumb":{"@id":"https:\/\/www.chemin-neuf.be\/fr\/evenement\/inner-freedom\/#breadcrumb"},"inLanguage":"fr-BE","potentialAction":[{"@type":"ReadAction","target":["https:\/\/www.chemin-neuf.be\/fr\/evenement\/inner-freedom\/"]}]},{"@type":"ImageObject","inLanguage":"fr-BE","@id":"https:\/\/www.chemin-neuf.be\/fr\/evenement\/inner-freedom\/#primaryimage","url":"https:\/\/www.chemin-neuf.be\/wp-content\/uploads\/2024\/09\/r2njpbeyusq.jpg","contentUrl":"https:\/\/www.chemin-neuf.be\/wp-content\/uploads\/2024\/09\/r2njpbeyusq.jpg","width":1328,"height":1200},{"@type":"BreadcrumbList","@id":"https:\/\/www.chemin-neuf.be\/fr\/evenement\/inner-freedom\/#breadcrumb","itemListElement":[{"@type":"ListItem","position":1,"name":"Home","item":"https:\/\/www.chemin-neuf.be\/fr\/"},{"@type":"ListItem","position":2,"name":"Propositions","item":"https:\/\/www.chemin-neuf.be\/fr\/evenement\/"},{"@type":"ListItem","position":3,"name":"Inner Freedom"}]},{"@type":"WebSite","@id":"https:\/\/www.chemin-neuf.be\/fr\/#website","url":"https:\/\/www.chemin-neuf.be\/fr\/","name":"Chemin Neuf Belgique","description":"Communauté du Chemin Neuf en Belgique","potentialAction":[{"@type":"SearchAction","target":{"@type":"EntryPoint","urlTemplate":"https:\/\/www.chemin-neuf.be\/fr\/?s={search_term_string}"},"query-input":{"@type":"PropertyValueSpecification","valueRequired":true,"valueName":"search_term_string"}}],"inLanguage":"fr-BE"}]}</script>
<!-- / Yoast SEO plugin. -->

Un mini week-end dans notre monastère avec d'autres jeunes

Communauté du Chemin Neuf en Belgique
