{"id":27667,"date":"2022-09-19T17:48:11","date_gmt":"2022-09-19T15:48:11","guid":{"rendered":"https:\/\/www.chemin-neuf.be\/?post_type=proposition&#038;p=27667"},"modified":"2022-09-26T22:09:35","modified_gmt":"2022-09-26T20:09:35","slug":"samedis-du-carmel","status":"publish","type":"proposition","link":"https:\/\/www.chemin-neuf.be\/fr\/evenement\/samedis-du-carmel\/","title":{"rendered":"Trois samedis du Carmel"},"content":{"rendered":"\n<h2 class=\"wp-block-heading\">Programme<\/h2>\n\n\n\n<p>Trois samedis de 9h \u00e0 16h en commen\u00e7ant par un caf\u00e9 fraternel.&nbsp;<\/p>\n\n\n\n<p><strong>Enseignement \u2013 t\u00e9moignages- pri\u00e8re personnelle et communautaire, eucharistie, partage en petit groupe, repas simplifi\u00e9.<\/strong><\/p>\n\n\n\n<h3 class=\"wp-block-heading\">Dates <\/h3>\n\n\n\n<p> 29 octobre 2022, 11 f\u00e9vrier et 06 mai 2023<\/p>\n\n\n\n<p>Animateurs\u00a0: Sabass Rugwiza, informaticien, Communion du Chemin Neuf<br>P. Emmanuel Daublain, pr\u00eatre de la communaut\u00e9 du Chemin Neuf<br>(t\u00e9l\u00e9phone\u00a0:\u00a0467 33 04 55)<\/p>\n\n\n\n<h2 class=\"wp-block-heading\">Finances<\/h2>\n\n\n\n<p>10-15 \u20ac \/ samedi<\/p>\n","protected":false},"excerpt":{"rendered":"<p>pour notre vie professionnelle : cultiver notre unit\u00e9 int\u00e9rieure et grandir en libert\u00e9.<\/p>\n","protected":false},"featured_media":27678,"menu_order":0,"template":"","meta":{"_acf_changed":false,"footnotes":""},"prop-category":[41],"prop-duration":[],"class_list":["post-27667","proposition","type-proposition","status-publish","has-post-thumbnail","hentry","prop-category-nicodeme"],"acf":[],"yoast_head":"<!-- This site is optimized with the Yoast SEO plugin v27.5 - https:\/\/yoast.com\/product\/yoast-seo-wordpress\/ -->\n<title>Trois samedis du Carmel - Chemin Neuf Belgique<\/title>\n<meta name=\"description\" content=\"pour notre vie professionnelle : cultiver notre unit\u00e9 int\u00e9rieure et grandir en libert\u00e9.\" \/>\n<meta name=\"robots\" content=\"index, follow, max-snippet:-1, max-image-preview:large, max-video-preview:-1\" \/>\n<link rel=\"canonical\" href=\"https:\/\/www.chemin-neuf.be\/fr\/evenement\/samedis-du-carmel\/\" \/>\n<meta property=\"og:locale\" content=\"fr_FR\" \/>\n<meta property=\"og:type\" content=\"article\" \/>\n<meta property=\"og:title\" content=\"Trois samedis du Carmel - Chemin Neuf Belgique\" \/>\n<meta property=\"og:description\" content=\"pour notre vie professionnelle : cultiver notre unit\u00e9 int\u00e9rieure et grandir en libert\u00e9.\" \/>\n<meta property=\"og:url\" content=\"https:\/\/www.chemin-neuf.be\/fr\/evenement\/samedis-du-carmel\/\" \/>\n<meta property=\"og:site_name\" content=\"Chemin Neuf Belgique\" \/>\n<meta property=\"article:modified_time\" content=\"2022-09-26T20:09:35+00:00\" \/>\n<meta property=\"og:image\" content=\"https:\/\/erbbbfbm7du.exactdn.com\/wp-content\/uploads\/2022\/09\/jonathan-sebastiao-Zctb_j4dsUA-unsplash-scaled.jpg?strip=all&lossy=1&ssl=1\" \/>\n\t<meta property=\"og:image:width\" content=\"1920\" \/>\n\t<meta property=\"og:image:height\" content=\"1434\" \/>\n\t<meta property=\"og:image:type\" content=\"image\/jpeg\" \/>\n<meta name=\"twitter:card\" content=\"summary_large_image\" \/>\n<meta name=\"twitter:label1\" content=\"Dur\u00e9e de lecture est.\" \/>\n\t<meta name=\"twitter:data1\" content=\"1 minute\" \/>\n<script type=\"application\/ld+json\" class=\"yoast-schema-graph\">{\"@context\":\"https:\\\/\\\/schema.org\",\"@graph\":[{\"@type\":\"WebPage\",\"@id\":\"https:\\\/\\\/www.chemin-neuf.be\\\/fr\\\/evenement\\\/samedis-du-carmel\\\/\",\"url\":\"https:\\\/\\\/www.chemin-neuf.be\\\/fr\\\/evenement\\\/samedis-du-carmel\\\/\",\"name\":\"Trois samedis du Carmel - Chemin Neuf Belgique\",\"isPartOf\":{\"@id\":\"https:\\\/\\\/www.chemin-neuf.be\\\/fr\\\/#website\"},\"primaryImageOfPage\":{\"@id\":\"https:\\\/\\\/www.chemin-neuf.be\\\/fr\\\/evenement\\\/samedis-du-carmel\\\/#primaryimage\"},\"image\":{\"@id\":\"https:\\\/\\\/www.chemin-neuf.be\\\/fr\\\/evenement\\\/samedis-du-carmel\\\/#primaryimage\"},\"thumbnailUrl\":\"https:\\\/\\\/www.chemin-neuf.be\\\/wp-content\\\/uploads\\\/2022\\\/09\\\/jonathan-sebastiao-Zctb_j4dsUA-unsplash-scaled.jpg\",\"datePublished\":\"2022-09-19T15:48:11+00:00\",\"dateModified\":\"2022-09-26T20:09:35+00:00\",\"description\":\"pour notre vie professionnelle : cultiver notre unit\u00e9 int\u00e9rieure et grandir en libert\u00e9.\",\"breadcrumb\":{\"@id\":\"https:\\\/\\\/www.chemin-neuf.be\\\/fr\\\/evenement\\\/samedis-du-carmel\\\/#breadcrumb\"},\"inLanguage\":\"fr-BE\",\"potentialAction\":[{\"@type\":\"ReadAction\",\"target\":[\"https:\\\/\\\/www.chemin-neuf.be\\\/fr\\\/evenement\\\/samedis-du-carmel\\\/\"]}]},{\"@type\":\"ImageObject\",\"inLanguage\":\"fr-BE\",\"@id\":\"https:\\\/\\\/www.chemin-neuf.be\\\/fr\\\/evenement\\\/samedis-du-carmel\\\/#primaryimage\",\"url\":\"https:\\\/\\\/www.chemin-neuf.be\\\/wp-content\\\/uploads\\\/2022\\\/09\\\/jonathan-sebastiao-Zctb_j4dsUA-unsplash-scaled.jpg\",\"contentUrl\":\"https:\\\/\\\/www.chemin-neuf.be\\\/wp-content\\\/uploads\\\/2022\\\/09\\\/jonathan-sebastiao-Zctb_j4dsUA-unsplash-scaled.jpg\",\"width\":1920,\"height\":1434},{\"@type\":\"BreadcrumbList\",\"@id\":\"https:\\\/\\\/www.chemin-neuf.be\\\/fr\\\/evenement\\\/samedis-du-carmel\\\/#breadcrumb\",\"itemListElement\":[{\"@type\":\"ListItem\",\"position\":1,\"name\":\"Home\",\"item\":\"https:\\\/\\\/www.chemin-neuf.be\\\/fr\\\/\"},{\"@type\":\"ListItem\",\"position\":2,\"name\":\"Propositions\",\"item\":\"https:\\\/\\\/www.chemin-neuf.be\\\/fr\\\/evenement\\\/\"},{\"@type\":\"ListItem\",\"position\":3,\"name\":\"Trois samedis du Carmel\"}]},{\"@type\":\"WebSite\",\"@id\":\"https:\\\/\\\/www.chemin-neuf.be\\\/fr\\\/#website\",\"url\":\"https:\\\/\\\/www.chemin-neuf.be\\\/fr\\\/\",\"name\":\"Chemin Neuf Belgique\",\"description\":\"Communaut\u00e9 du Chemin Neuf en Belgique\",\"potentialAction\":[{\"@type\":\"SearchAction\",\"target\":{\"@type\":\"EntryPoint\",\"urlTemplate\":\"https:\\\/\\\/www.chemin-neuf.be\\\/fr\\\/?s={search_term_string}\"},\"query-input\":{\"@type\":\"PropertyValueSpecification\",\"valueRequired\":true,\"valueName\":\"search_term_string\"}}],\"inLanguage\":\"fr-BE\"}]}<\/script>\n<!-- \/ Yoast SEO plugin. -->","yoast_head_json":{"title":"Trois samedis du Carmel - Chemin Neuf Belgique","description":"pour notre vie professionnelle : cultiver notre unit\u00e9 int\u00e9rieure et grandir en libert\u00e9.","robots":{"index":"index","follow":"follow","max-snippet":"max-snippet:-1","max-image-preview":"max-image-preview:large","max-video-preview":"max-video-preview:-1"},"canonical":"https:\/\/www.chemin-neuf.be\/fr\/evenement\/samedis-du-carmel\/","og_locale":"fr_FR","og_type":"article","og_title":"Trois samedis du Carmel - Chemin Neuf Belgique","og_description":"pour notre vie professionnelle : cultiver notre unit\u00e9 int\u00e9rieure et grandir en libert\u00e9.","og_url":"https:\/\/www.chemin-neuf.be\/fr\/evenement\/samedis-du-carmel\/","og_site_name":"Chemin Neuf Belgique","article_modified_time":"2022-09-26T20:09:35+00:00","og_image":[{"width":1920,"height":1434,"url":"https:\/\/erbbbfbm7du.exactdn.com\/wp-content\/uploads\/2022\/09\/jonathan-sebastiao-Zctb_j4dsUA-unsplash-scaled.jpg?strip=all&lossy=1&ssl=1","type":"image\/jpeg"}],"twitter_card":"summary_large_image","twitter_misc":{"Dur\u00e9e de lecture est.":"1 minute"},"schema":{"@context":"https:\/\/schema.org","@graph":[{"@type":"WebPage","@id":"https:\/\/www.chemin-neuf.be\/fr\/evenement\/samedis-du-carmel\/","url":"https:\/\/www.chemin-neuf.be\/fr\/evenement\/samedis-du-carmel\/","name":"Trois samedis du Carmel - Chemin Neuf Belgique","isPartOf":{"@id":"https:\/\/www.chemin-neuf.be\/fr\/#website"},"primaryImageOfPage":{"@id":"https:\/\/www.chemin-neuf.be\/fr\/evenement\/samedis-du-carmel\/#primaryimage"},"image":{"@id":"https:\/\/www.chemin-neuf.be\/fr\/evenement\/samedis-du-carmel\/#primaryimage"},"thumbnailUrl":"https:\/\/www.chemin-neuf.be\/wp-content\/uploads\/2022\/09\/jonathan-sebastiao-Zctb_j4dsUA-unsplash-scaled.jpg","datePublished":"2022-09-19T15:48:11+00:00","dateModified":"2022-09-26T20:09:35+00:00","description":"pour notre vie professionnelle : cultiver notre unit\u00e9 int\u00e9rieure et grandir en libert\u00e9.","breadcrumb":{"@id":"https:\/\/www.chemin-neuf.be\/fr\/evenement\/samedis-du-carmel\/#breadcrumb"},"inLanguage":"fr-BE","potentialAction":[{"@type":"ReadAction","target":["https:\/\/www.chemin-neuf.be\/fr\/evenement\/samedis-du-carmel\/"]}]},{"@type":"ImageObject","inLanguage":"fr-BE","@id":"https:\/\/www.chemin-neuf.be\/fr\/evenement\/samedis-du-carmel\/#primaryimage","url":"https:\/\/www.chemin-neuf.be\/wp-content\/uploads\/2022\/09\/jonathan-sebastiao-Zctb_j4dsUA-unsplash-scaled.jpg","contentUrl":"https:\/\/www.chemin-neuf.be\/wp-content\/uploads\/2022\/09\/jonathan-sebastiao-Zctb_j4dsUA-unsplash-scaled.jpg","width":1920,"height":1434},{"@type":"BreadcrumbList","@id":"https:\/\/www.chemin-neuf.be\/fr\/evenement\/samedis-du-carmel\/#breadcrumb","itemListElement":[{"@type":"ListItem","position":1,"name":"Home","item":"https:\/\/www.chemin-neuf.be\/fr\/"},{"@type":"ListItem","position":2,"name":"Propositions","item":"https:\/\/www.chemin-neuf.be\/fr\/evenement\/"},{"@type":"ListItem","position":3,"name":"Trois samedis du Carmel"}]},{"@type":"WebSite","@id":"https:\/\/www.chemin-neuf.be\/fr\/#website","url":"https:\/\/www.chemin-neuf.be\/fr\/","name":"Chemin Neuf Belgique","description":"Communaut\u00e9 du Chemin Neuf en Belgique","potentialAction":[{"@type":"SearchAction","target":{"@type":"EntryPoint","urlTemplate":"https:\/\/www.chemin-neuf.be\/fr\/?s={search_term_string}"},"query-input":{"@type":"PropertyValueSpecification","valueRequired":true,"valueName":"search_term_string"}}],"inLanguage":"fr-BE"}]}},"_links":{"self":[{"href":"https:\/\/www.chemin-neuf.be\/fr\/wp-json\/wp\/v2\/proposition\/27667","targetHints":{"allow":["GET"]}}],"collection":[{"href":"https:\/\/www.chemin-neuf.be\/fr\/wp-json\/wp\/v2\/proposition"}],"about":[{"href":"https:\/\/www.chemin-neuf.be\/fr\/wp-json\/wp\/v2\/types\/proposition"}],"version-history":[{"count":17,"href":"https:\/\/www.chemin-neuf.be\/fr\/wp-json\/wp\/v2\/proposition\/27667\/revisions"}],"predecessor-version":[{"id":27850,"href":"https:\/\/www.chemin-neuf.be\/fr\/wp-json\/wp\/v2\/proposition\/27667\/revisions\/27850"}],"wp:featuredmedia":[{"embeddable":true,"href":"https:\/\/www.chemin-neuf.be\/fr\/wp-json\/wp\/v2\/media\/27678"}],"wp:attachment":[{"href":"https:\/\/www.chemin-neuf.be\/fr\/wp-json\/wp\/v2\/media?parent=27667"}],"wp:term":[{"taxonomy":"prop-category","embeddable":true,"href":"https:\/\/www.chemin-neuf.be\/fr\/wp-json\/wp\/v2\/prop-category?post=27667"},{"taxonomy":"prop-duration","embeddable":true,"href":"https:\/\/www.chemin-neuf.be\/fr\/wp-json\/wp\/v2\/prop-duration?post=27667"}],"curies":[{"name":"wp","href":"https:\/\/api.w.org\/{rel}","templated":true}]}}

<h2 class="wp-block-heading">Programme</h2>



<p>Trois samedis de 9h à 16h en commençant par un café fraternel.&nbsp;</p>



<p><strong>Enseignement – témoignages- prière personnelle et communautaire, eucharistie, partage en petit groupe, repas simplifié.</strong></p>



<h3 class="wp-block-heading">Dates </h3>



<p> 29 octobre 2022, 11 février et 06 mai 2023</p>



<p>Animateurs : Sabass Rugwiza, informaticien, Communion du Chemin Neuf<br>P. Emmanuel Daublain, prêtre de la communauté du Chemin Neuf<br>(téléphone : 467 33 04 55)</p>



<h2 class="wp-block-heading">Finances</h2>



<p>10-15 € / samedi</p>

<p>pour notre vie professionnelle : cultiver notre unité intérieure et grandir en liberté.</p>

<!-- This site is optimized with the Yoast SEO plugin v27.5 - https://yoast.com/product/yoast-seo-wordpress/ -->
<title>Trois samedis du Carmel - Chemin Neuf Belgique</title>
<meta name="description" content="pour notre vie professionnelle : cultiver notre unité intérieure et grandir en liberté." />
<meta name="robots" content="index, follow, max-snippet:-1, max-image-preview:large, max-video-preview:-1" />
<link rel="canonical" href="https://www.chemin-neuf.be/fr/evenement/samedis-du-carmel/" />
<meta property="og:locale" content="fr_FR" />
<meta property="og:type" content="article" />
<meta property="og:title" content="Trois samedis du Carmel - Chemin Neuf Belgique" />
<meta property="og:description" content="pour notre vie professionnelle : cultiver notre unité intérieure et grandir en liberté." />
<meta property="og:url" content="https://www.chemin-neuf.be/fr/evenement/samedis-du-carmel/" />
<meta property="og:site_name" content="Chemin Neuf Belgique" />
<meta property="article:modified_time" content="2022-09-26T20:09:35+00:00" />
<meta property="og:image" content="https://erbbbfbm7du.exactdn.com/wp-content/uploads/2022/09/jonathan-sebastiao-Zctb_j4dsUA-unsplash-scaled.jpg?strip=all&lossy=1&ssl=1" />
	<meta property="og:image:width" content="1920" />
	<meta property="og:image:height" content="1434" />
	<meta property="og:image:type" content="image/jpeg" />
<meta name="twitter:card" content="summary_large_image" />
<meta name="twitter:label1" content="Durée de lecture est." />
	<meta name="twitter:data1" content="1 minute" />
<script type="application/ld+json" class="yoast-schema-graph">{"@context":"https:\/\/schema.org","@graph":[{"@type":"WebPage","@id":"https:\/\/www.chemin-neuf.be\/fr\/evenement\/samedis-du-carmel\/","url":"https:\/\/www.chemin-neuf.be\/fr\/evenement\/samedis-du-carmel\/","name":"Trois samedis du Carmel - Chemin Neuf Belgique","isPartOf":{"@id":"https:\/\/www.chemin-neuf.be\/fr\/#website"},"primaryImageOfPage":{"@id":"https:\/\/www.chemin-neuf.be\/fr\/evenement\/samedis-du-carmel\/#primaryimage"},"image":{"@id":"https:\/\/www.chemin-neuf.be\/fr\/evenement\/samedis-du-carmel\/#primaryimage"},"thumbnailUrl":"https:\/\/www.chemin-neuf.be\/wp-content\/uploads\/2022\/09\/jonathan-sebastiao-Zctb_j4dsUA-unsplash-scaled.jpg","datePublished":"2022-09-19T15:48:11+00:00","dateModified":"2022-09-26T20:09:35+00:00","description":"pour notre vie professionnelle : cultiver notre unité intérieure et grandir en liberté.","breadcrumb":{"@id":"https:\/\/www.chemin-neuf.be\/fr\/evenement\/samedis-du-carmel\/#breadcrumb"},"inLanguage":"fr-BE","potentialAction":[{"@type":"ReadAction","target":["https:\/\/www.chemin-neuf.be\/fr\/evenement\/samedis-du-carmel\/"]}]},{"@type":"ImageObject","inLanguage":"fr-BE","@id":"https:\/\/www.chemin-neuf.be\/fr\/evenement\/samedis-du-carmel\/#primaryimage","url":"https:\/\/www.chemin-neuf.be\/wp-content\/uploads\/2022\/09\/jonathan-sebastiao-Zctb_j4dsUA-unsplash-scaled.jpg","contentUrl":"https:\/\/www.chemin-neuf.be\/wp-content\/uploads\/2022\/09\/jonathan-sebastiao-Zctb_j4dsUA-unsplash-scaled.jpg","width":1920,"height":1434},{"@type":"BreadcrumbList","@id":"https:\/\/www.chemin-neuf.be\/fr\/evenement\/samedis-du-carmel\/#breadcrumb","itemListElement":[{"@type":"ListItem","position":1,"name":"Home","item":"https:\/\/www.chemin-neuf.be\/fr\/"},{"@type":"ListItem","position":2,"name":"Propositions","item":"https:\/\/www.chemin-neuf.be\/fr\/evenement\/"},{"@type":"ListItem","position":3,"name":"Trois samedis du Carmel"}]},{"@type":"WebSite","@id":"https:\/\/www.chemin-neuf.be\/fr\/#website","url":"https:\/\/www.chemin-neuf.be\/fr\/","name":"Chemin Neuf Belgique","description":"Communauté du Chemin Neuf en Belgique","potentialAction":[{"@type":"SearchAction","target":{"@type":"EntryPoint","urlTemplate":"https:\/\/www.chemin-neuf.be\/fr\/?s={search_term_string}"},"query-input":{"@type":"PropertyValueSpecification","valueRequired":true,"valueName":"search_term_string"}}],"inLanguage":"fr-BE"}]}</script>
<!-- / Yoast SEO plugin. -->

pour notre vie professionnelle : cultiver notre unité intérieure et grandir en liberté.

Communauté du Chemin Neuf en Belgique
