{"id":27473,"date":"2022-09-04T18:29:54","date_gmt":"2022-09-04T16:29:54","guid":{"rendered":"https:\/\/www.chemin-neuf.be\/?post_type=proposition&#038;p=27473"},"modified":"2022-11-07T08:08:10","modified_gmt":"2022-11-07T07:08:10","slug":"grand-desert-2022-12","status":"publish","type":"proposition","link":"https:\/\/www.chemin-neuf.be\/fr\/evenement\/grand-desert-2022-12\/","title":{"rendered":"\u00ab En mission dioc\u00e9saine aupr\u00e8s des hommes et des femmes de la rue \u00bb"},"content":{"rendered":"\n<h2 class=\"wp-block-heading\">Proposition<\/h2>\n\n\n\n<p><em><strong>par le fr\u00e8re Tomek CIESIELSKI<\/strong><\/em><\/p>\n\n\n\n<p>journ\u00e9es de silence et de pri\u00e8re : de 9h \u00e0 15h<\/p>\n\n\n\n<p>office, enseignement, pri\u00e8re personnelle, eucharistie, repas simplifi\u00e9<\/p>\n\n\n\n<h2 class=\"wp-block-heading\">Finances<\/h2>\n\n\n\n<p>Participation\u00a0: offrande pour l\u2019aide alimentaire des sans domicile fixe de Li\u00e8ge<\/p>\n\n\n\n<p><em>\u00ab la g\u00e9n\u00e9rosit\u00e9 envers les plus pauvres trouve sa motivation la plus forte dans le choix du Fils de Dieu qui voulut se faire pauvre lui-m\u00eame&nbsp;\u00bb.<\/em><\/p>\n\n\n\n<p><em>Pape Fran\u00e7ois<\/em><\/p>\n","protected":false},"excerpt":{"rendered":"<p>journ\u00e9es de silence et de pri\u00e8re<\/p>\n","protected":false},"featured_media":0,"menu_order":0,"template":"","meta":{"_acf_changed":false,"footnotes":""},"prop-category":[38],"prop-duration":[],"class_list":["post-27473","proposition","type-proposition","status-publish","hentry","prop-category-grand-desert"],"acf":[],"yoast_head":"<!-- This site is optimized with the Yoast SEO plugin v27.5 - https:\/\/yoast.com\/product\/yoast-seo-wordpress\/ -->\n<title>\u00ab En mission dioc\u00e9saine aupr\u00e8s des hommes et des femmes de la rue \u00bb - Chemin Neuf Belgique<\/title>\n<meta name=\"description\" content=\"journ\u00e9es de silence et de pri\u00e8re\" \/>\n<meta name=\"robots\" content=\"index, follow, max-snippet:-1, max-image-preview:large, max-video-preview:-1\" \/>\n<link rel=\"canonical\" href=\"https:\/\/www.chemin-neuf.be\/fr\/evenement\/grand-desert-2022-12\/\" \/>\n<meta property=\"og:locale\" content=\"fr_FR\" \/>\n<meta property=\"og:type\" content=\"article\" \/>\n<meta property=\"og:title\" content=\"\u00ab En mission dioc\u00e9saine aupr\u00e8s des hommes et des femmes de la rue \u00bb - Chemin Neuf Belgique\" \/>\n<meta property=\"og:description\" content=\"journ\u00e9es de silence et de pri\u00e8re\" \/>\n<meta property=\"og:url\" content=\"https:\/\/www.chemin-neuf.be\/fr\/evenement\/grand-desert-2022-12\/\" \/>\n<meta property=\"og:site_name\" content=\"Chemin Neuf Belgique\" \/>\n<meta property=\"article:modified_time\" content=\"2022-11-07T07:08:10+00:00\" \/>\n<meta name=\"twitter:card\" content=\"summary_large_image\" \/>\n<meta name=\"twitter:label1\" content=\"Dur\u00e9e de lecture est.\" \/>\n\t<meta name=\"twitter:data1\" content=\"1 minute\" \/>\n<script type=\"application\/ld+json\" class=\"yoast-schema-graph\">{\"@context\":\"https:\\\/\\\/schema.org\",\"@graph\":[{\"@type\":\"WebPage\",\"@id\":\"https:\\\/\\\/www.chemin-neuf.be\\\/fr\\\/evenement\\\/grand-desert-2022-12\\\/\",\"url\":\"https:\\\/\\\/www.chemin-neuf.be\\\/fr\\\/evenement\\\/grand-desert-2022-12\\\/\",\"name\":\"\u00ab En mission dioc\u00e9saine aupr\u00e8s des hommes et des femmes de la rue \u00bb - Chemin Neuf Belgique\",\"isPartOf\":{\"@id\":\"https:\\\/\\\/www.chemin-neuf.be\\\/fr\\\/#website\"},\"datePublished\":\"2022-09-04T16:29:54+00:00\",\"dateModified\":\"2022-11-07T07:08:10+00:00\",\"description\":\"journ\u00e9es de silence et de pri\u00e8re\",\"breadcrumb\":{\"@id\":\"https:\\\/\\\/www.chemin-neuf.be\\\/fr\\\/evenement\\\/grand-desert-2022-12\\\/#breadcrumb\"},\"inLanguage\":\"fr-BE\",\"potentialAction\":[{\"@type\":\"ReadAction\",\"target\":[\"https:\\\/\\\/www.chemin-neuf.be\\\/fr\\\/evenement\\\/grand-desert-2022-12\\\/\"]}]},{\"@type\":\"BreadcrumbList\",\"@id\":\"https:\\\/\\\/www.chemin-neuf.be\\\/fr\\\/evenement\\\/grand-desert-2022-12\\\/#breadcrumb\",\"itemListElement\":[{\"@type\":\"ListItem\",\"position\":1,\"name\":\"Home\",\"item\":\"https:\\\/\\\/www.chemin-neuf.be\\\/fr\\\/\"},{\"@type\":\"ListItem\",\"position\":2,\"name\":\"Propositions\",\"item\":\"https:\\\/\\\/www.chemin-neuf.be\\\/fr\\\/evenement\\\/\"},{\"@type\":\"ListItem\",\"position\":3,\"name\":\"\u00ab En mission dioc\u00e9saine aupr\u00e8s des hommes et des femmes de la rue \u00bb\"}]},{\"@type\":\"WebSite\",\"@id\":\"https:\\\/\\\/www.chemin-neuf.be\\\/fr\\\/#website\",\"url\":\"https:\\\/\\\/www.chemin-neuf.be\\\/fr\\\/\",\"name\":\"Chemin Neuf Belgique\",\"description\":\"Communaut\u00e9 du Chemin Neuf en Belgique\",\"potentialAction\":[{\"@type\":\"SearchAction\",\"target\":{\"@type\":\"EntryPoint\",\"urlTemplate\":\"https:\\\/\\\/www.chemin-neuf.be\\\/fr\\\/?s={search_term_string}\"},\"query-input\":{\"@type\":\"PropertyValueSpecification\",\"valueRequired\":true,\"valueName\":\"search_term_string\"}}],\"inLanguage\":\"fr-BE\"}]}<\/script>\n<!-- \/ Yoast SEO plugin. -->","yoast_head_json":{"title":"\u00ab En mission dioc\u00e9saine aupr\u00e8s des hommes et des femmes de la rue \u00bb - Chemin Neuf Belgique","description":"journ\u00e9es de silence et de pri\u00e8re","robots":{"index":"index","follow":"follow","max-snippet":"max-snippet:-1","max-image-preview":"max-image-preview:large","max-video-preview":"max-video-preview:-1"},"canonical":"https:\/\/www.chemin-neuf.be\/fr\/evenement\/grand-desert-2022-12\/","og_locale":"fr_FR","og_type":"article","og_title":"\u00ab En mission dioc\u00e9saine aupr\u00e8s des hommes et des femmes de la rue \u00bb - Chemin Neuf Belgique","og_description":"journ\u00e9es de silence et de pri\u00e8re","og_url":"https:\/\/www.chemin-neuf.be\/fr\/evenement\/grand-desert-2022-12\/","og_site_name":"Chemin Neuf Belgique","article_modified_time":"2022-11-07T07:08:10+00:00","twitter_card":"summary_large_image","twitter_misc":{"Dur\u00e9e de lecture est.":"1 minute"},"schema":{"@context":"https:\/\/schema.org","@graph":[{"@type":"WebPage","@id":"https:\/\/www.chemin-neuf.be\/fr\/evenement\/grand-desert-2022-12\/","url":"https:\/\/www.chemin-neuf.be\/fr\/evenement\/grand-desert-2022-12\/","name":"\u00ab En mission dioc\u00e9saine aupr\u00e8s des hommes et des femmes de la rue \u00bb - Chemin Neuf Belgique","isPartOf":{"@id":"https:\/\/www.chemin-neuf.be\/fr\/#website"},"datePublished":"2022-09-04T16:29:54+00:00","dateModified":"2022-11-07T07:08:10+00:00","description":"journ\u00e9es de silence et de pri\u00e8re","breadcrumb":{"@id":"https:\/\/www.chemin-neuf.be\/fr\/evenement\/grand-desert-2022-12\/#breadcrumb"},"inLanguage":"fr-BE","potentialAction":[{"@type":"ReadAction","target":["https:\/\/www.chemin-neuf.be\/fr\/evenement\/grand-desert-2022-12\/"]}]},{"@type":"BreadcrumbList","@id":"https:\/\/www.chemin-neuf.be\/fr\/evenement\/grand-desert-2022-12\/#breadcrumb","itemListElement":[{"@type":"ListItem","position":1,"name":"Home","item":"https:\/\/www.chemin-neuf.be\/fr\/"},{"@type":"ListItem","position":2,"name":"Propositions","item":"https:\/\/www.chemin-neuf.be\/fr\/evenement\/"},{"@type":"ListItem","position":3,"name":"\u00ab En mission dioc\u00e9saine aupr\u00e8s des hommes et des femmes de la rue \u00bb"}]},{"@type":"WebSite","@id":"https:\/\/www.chemin-neuf.be\/fr\/#website","url":"https:\/\/www.chemin-neuf.be\/fr\/","name":"Chemin Neuf Belgique","description":"Communaut\u00e9 du Chemin Neuf en Belgique","potentialAction":[{"@type":"SearchAction","target":{"@type":"EntryPoint","urlTemplate":"https:\/\/www.chemin-neuf.be\/fr\/?s={search_term_string}"},"query-input":{"@type":"PropertyValueSpecification","valueRequired":true,"valueName":"search_term_string"}}],"inLanguage":"fr-BE"}]}},"_links":{"self":[{"href":"https:\/\/www.chemin-neuf.be\/fr\/wp-json\/wp\/v2\/proposition\/27473","targetHints":{"allow":["GET"]}}],"collection":[{"href":"https:\/\/www.chemin-neuf.be\/fr\/wp-json\/wp\/v2\/proposition"}],"about":[{"href":"https:\/\/www.chemin-neuf.be\/fr\/wp-json\/wp\/v2\/types\/proposition"}],"version-history":[{"count":5,"href":"https:\/\/www.chemin-neuf.be\/fr\/wp-json\/wp\/v2\/proposition\/27473\/revisions"}],"predecessor-version":[{"id":29583,"href":"https:\/\/www.chemin-neuf.be\/fr\/wp-json\/wp\/v2\/proposition\/27473\/revisions\/29583"}],"wp:attachment":[{"href":"https:\/\/www.chemin-neuf.be\/fr\/wp-json\/wp\/v2\/media?parent=27473"}],"wp:term":[{"taxonomy":"prop-category","embeddable":true,"href":"https:\/\/www.chemin-neuf.be\/fr\/wp-json\/wp\/v2\/prop-category?post=27473"},{"taxonomy":"prop-duration","embeddable":true,"href":"https:\/\/www.chemin-neuf.be\/fr\/wp-json\/wp\/v2\/prop-duration?post=27473"}],"curies":[{"name":"wp","href":"https:\/\/api.w.org\/{rel}","templated":true}]}}

« En mission diocésaine auprès des hommes et des femmes de la rue »

<h2 class="wp-block-heading">Proposition</h2>



<p><em><strong>par le frère Tomek CIESIELSKI</strong></em></p>



<p>journées de silence et de prière : de 9h à 15h</p>



<p>office, enseignement, prière personnelle, eucharistie, repas simplifié</p>



<h2 class="wp-block-heading">Finances</h2>



<p>Participation : offrande pour l’aide alimentaire des sans domicile fixe de Liège</p>



<p><em>« la générosité envers les plus pauvres trouve sa motivation la plus forte dans le choix du Fils de Dieu qui voulut se faire pauvre lui-même&nbsp;».</em></p>



<p><em>Pape François</em></p>

<p>journées de silence et de prière</p>

<!-- This site is optimized with the Yoast SEO plugin v27.5 - https://yoast.com/product/yoast-seo-wordpress/ -->
<title>« En mission diocésaine auprès des hommes et des femmes de la rue » - Chemin Neuf Belgique</title>
<meta name="description" content="journées de silence et de prière" />
<meta name="robots" content="index, follow, max-snippet:-1, max-image-preview:large, max-video-preview:-1" />
<link rel="canonical" href="https://www.chemin-neuf.be/fr/evenement/grand-desert-2022-12/" />
<meta property="og:locale" content="fr_FR" />
<meta property="og:type" content="article" />
<meta property="og:title" content="« En mission diocésaine auprès des hommes et des femmes de la rue » - Chemin Neuf Belgique" />
<meta property="og:description" content="journées de silence et de prière" />
<meta property="og:url" content="https://www.chemin-neuf.be/fr/evenement/grand-desert-2022-12/" />
<meta property="og:site_name" content="Chemin Neuf Belgique" />
<meta property="article:modified_time" content="2022-11-07T07:08:10+00:00" />
<meta name="twitter:card" content="summary_large_image" />
<meta name="twitter:label1" content="Durée de lecture est." />
	<meta name="twitter:data1" content="1 minute" />
<script type="application/ld+json" class="yoast-schema-graph">{"@context":"https:\/\/schema.org","@graph":[{"@type":"WebPage","@id":"https:\/\/www.chemin-neuf.be\/fr\/evenement\/grand-desert-2022-12\/","url":"https:\/\/www.chemin-neuf.be\/fr\/evenement\/grand-desert-2022-12\/","name":"« En mission diocésaine auprès des hommes et des femmes de la rue » - Chemin Neuf Belgique","isPartOf":{"@id":"https:\/\/www.chemin-neuf.be\/fr\/#website"},"datePublished":"2022-09-04T16:29:54+00:00","dateModified":"2022-11-07T07:08:10+00:00","description":"journées de silence et de prière","breadcrumb":{"@id":"https:\/\/www.chemin-neuf.be\/fr\/evenement\/grand-desert-2022-12\/#breadcrumb"},"inLanguage":"fr-BE","potentialAction":[{"@type":"ReadAction","target":["https:\/\/www.chemin-neuf.be\/fr\/evenement\/grand-desert-2022-12\/"]}]},{"@type":"BreadcrumbList","@id":"https:\/\/www.chemin-neuf.be\/fr\/evenement\/grand-desert-2022-12\/#breadcrumb","itemListElement":[{"@type":"ListItem","position":1,"name":"Home","item":"https:\/\/www.chemin-neuf.be\/fr\/"},{"@type":"ListItem","position":2,"name":"Propositions","item":"https:\/\/www.chemin-neuf.be\/fr\/evenement\/"},{"@type":"ListItem","position":3,"name":"« En mission diocésaine auprès des hommes et des femmes de la rue »"}]},{"@type":"WebSite","@id":"https:\/\/www.chemin-neuf.be\/fr\/#website","url":"https:\/\/www.chemin-neuf.be\/fr\/","name":"Chemin Neuf Belgique","description":"Communauté du Chemin Neuf en Belgique","potentialAction":[{"@type":"SearchAction","target":{"@type":"EntryPoint","urlTemplate":"https:\/\/www.chemin-neuf.be\/fr\/?s={search_term_string}"},"query-input":{"@type":"PropertyValueSpecification","valueRequired":true,"valueName":"search_term_string"}}],"inLanguage":"fr-BE"}]}</script>
<!-- / Yoast SEO plugin. -->

« En mission diocésaine auprès des hommes et des femmes de la rue » - Chemin Neuf Belgique

journées de silence et de prière

Communauté du Chemin Neuf en Belgique
